Last updated on 2023-05-31 20:57:15 CEST.
Flavor | Version | Tinstall | Tcheck | Ttotal | Status | Flags |
---|---|---|---|---|---|---|
r-devel-linux-x86_64-debian-clang | 0.1.2 | 17.92 | 273.73 | 291.65 | NOTE | |
r-devel-linux-x86_64-debian-gcc | 0.1.2 | 14.53 | 185.64 | 200.17 | NOTE | |
r-devel-linux-x86_64-fedora-clang | 0.1.2 | 367.72 | NOTE | |||
r-devel-linux-x86_64-fedora-gcc | 0.1.2 | 350.71 | NOTE | |||
r-devel-windows-x86_64 | 0.1.2 | 18.00 | 212.00 | 230.00 | NOTE | |
r-patched-linux-x86_64 | 0.1.2 | NOTE | ||||
r-release-linux-x86_64 | 0.1.2 | 17.92 | 268.84 | 286.76 | NOTE | |
r-release-macos-arm64 | 0.1.2 | 105.00 | NOTE | |||
r-release-macos-x86_64 | 0.1.2 | 168.00 | NOTE | |||
r-release-windows-x86_64 | 0.1.2 | 22.00 | 250.00 | 272.00 | NOTE | |
r-oldrel-macos-arm64 | 0.1.2 | 115.00 | NOTE | |||
r-oldrel-macos-x86_64 | 0.1.2 | 131.00 | NOTE | |||
r-oldrel-windows-x86_64 | 0.1.2 | 22.00 | 245.00 | 267.00 | NOTE |
Version: 0.1.2
Check: LazyData
Result: NOTE
'LazyData' is specified without a 'data' directory
Flavors: r-devel-linux-x86_64-debian-clang, r-devel-linux-x86_64-debian-gcc, r-devel-linux-x86_64-fedora-clang, r-devel-linux-x86_64-fedora-gcc, r-devel-windows-x86_64, r-patched-linux-x86_64, r-release-linux-x86_64, r-release-macos-arm64, r-release-macos-x86_64, r-release-windows-x86_64, r-oldrel-macos-arm64, r-oldrel-macos-x86_64, r-oldrel-windows-x86_64