CRAN Package Check Results for Package NPflow

Last updated on 2023-05-31 20:57:15 CEST.

Flavor Version Tinstall Tcheck Ttotal Status Flags
r-devel-linux-x86_64-debian-clang 0.13.3 280.86 133.43 414.29 NOTE
r-devel-linux-x86_64-debian-gcc 0.13.3 223.74 98.80 322.54 NOTE
r-devel-linux-x86_64-fedora-clang 0.13.3 641.87 NOTE
r-devel-linux-x86_64-fedora-gcc 0.13.3 649.53 NOTE
r-devel-windows-x86_64 0.13.3 217.00 145.00 362.00 NOTE
r-patched-linux-x86_64 0.13.3 NOTE
r-release-linux-x86_64 0.13.3 245.50 127.48 372.98 NOTE
r-release-macos-arm64 0.13.3 133.00 NOTE
r-release-macos-x86_64 0.13.3 230.00 NOTE
r-release-windows-x86_64 0.13.3 283.00 179.00 462.00 NOTE
r-oldrel-macos-arm64 0.13.3 118.00 NOTE
r-oldrel-macos-x86_64 0.13.3 221.00 NOTE
r-oldrel-windows-x86_64 0.13.3 279.00 164.00 443.00 OK

Check Details

Version: 0.13.3
Check: C++ specification
Result: NOTE
     Specified C++11: please drop specification unless essential
Flavors: r-devel-linux-x86_64-debian-clang, r-devel-linux-x86_64-debian-gcc, r-devel-linux-x86_64-fedora-clang, r-devel-linux-x86_64-fedora-gcc, r-devel-windows-x86_64, r-patched-linux-x86_64, r-release-linux-x86_64, r-release-macos-arm64, r-release-macos-x86_64, r-release-windows-x86_64

Version: 0.13.3
Check: installed package size
Result: NOTE
     installed size is 7.7Mb
     sub-directories of 1Mb or more:
     libs 7.0Mb
Flavors: r-release-macos-arm64, r-release-macos-x86_64, r-oldrel-macos-arm64, r-oldrel-macos-x86_64