CRAN Package Check Results for Package NonNorMvtDist

Last updated on 2024-06-13 20:49:18 CEST.

Flavor Version Tinstall Tcheck Ttotal Status Flags
r-devel-linux-x86_64-debian-clang 1.0.2 5.54 40.50 46.04 NOTE
r-devel-linux-x86_64-debian-gcc 1.0.2 2.99 29.40 32.39 NOTE
r-devel-linux-x86_64-fedora-clang 1.0.2 55.69 NOTE
r-devel-linux-x86_64-fedora-gcc 1.0.2 51.10 NOTE
r-devel-windows-x86_64 1.0.2 5.00 49.00 54.00 NOTE
r-patched-linux-x86_64 1.0.2 6.60 37.57 44.17 NOTE
r-release-linux-x86_64 1.0.2 4.85 36.29 41.14 NOTE
r-release-macos-arm64 1.0.2 18.00 NOTE
r-release-macos-x86_64 1.0.2 28.00 NOTE
r-release-windows-x86_64 1.0.2 4.00 50.00 54.00 NOTE
r-oldrel-macos-arm64 1.0.2 21.00 NOTE
r-oldrel-macos-x86_64 1.0.2 29.00 NOTE
r-oldrel-windows-x86_64 1.0.2 6.00 52.00 58.00 NOTE

Check Details

Version: 1.0.2
Check: LazyData
Result: NOTE 'LazyData' is specified without a 'data' directory Flavors: r-devel-linux-x86_64-debian-clang, r-devel-linux-x86_64-debian-gcc, r-devel-linux-x86_64-fedora-clang, r-devel-linux-x86_64-fedora-gcc, r-devel-windows-x86_64, r-patched-linux-x86_64, r-release-linux-x86_64, r-release-macos-arm64, r-release-macos-x86_64, r-release-windows-x86_64, r-oldrel-macos-arm64, r-oldrel-macos-x86_64, r-oldrel-windows-x86_64