Last updated on 2023-12-02 18:53:50 CET.
Flavor | Version | Tinstall | Tcheck | Ttotal | Status | Flags |
---|---|---|---|---|---|---|
r-devel-linux-x86_64-debian-clang | 0.1.5 | 2.54 | 57.47 | 60.01 | OK | |
r-devel-linux-x86_64-debian-gcc | 0.1.5 | 3.13 | 43.83 | 46.96 | OK | |
r-devel-linux-x86_64-fedora-clang | 0.1.5 | 74.60 | NOTE | |||
r-devel-linux-x86_64-fedora-gcc | 0.1.5 | 72.71 | NOTE | |||
r-devel-windows-x86_64 | 0.1.5 | 4.00 | 75.00 | 79.00 | OK | |
r-patched-linux-x86_64 | 0.1.5 | 2.83 | 55.91 | 58.74 | OK | |
r-release-linux-x86_64 | 0.1.5 | 3.87 | 55.99 | 59.86 | OK | |
r-release-macos-arm64 | 0.1.5 | 25.00 | OK | |||
r-release-macos-x86_64 | 0.1.5 | 41.00 | OK | |||
r-release-windows-x86_64 | 0.1.5 | 5.00 | 84.00 | 89.00 | OK | |
r-oldrel-macos-arm64 | 0.1.5 | 27.00 | NOTE | |||
r-oldrel-macos-x86_64 | 0.1.5 | 34.00 | NOTE | |||
r-oldrel-windows-x86_64 | 0.1.5 | 5.00 | 83.00 | 88.00 | OK |
Version: 0.1.5
Check: dependencies in R code
Result: NOTE
Namespace in Imports field not imported from: ‘base’
All declared Imports should be used.
Flavors: r-devel-linux-x86_64-fedora-clang, r-devel-linux-x86_64-fedora-gcc, r-oldrel-macos-arm64, r-oldrel-macos-x86_64