Last updated on 2023-12-01 18:51:08 CET.
Flavor | Version | Tinstall | Tcheck | Ttotal | Status | Flags |
---|---|---|---|---|---|---|
r-devel-linux-x86_64-debian-clang | 1.0.6 | 17.32 | 196.96 | 214.28 | OK | |
r-devel-linux-x86_64-debian-gcc | 1.0.6 | 14.69 | 144.74 | 159.43 | OK | |
r-devel-linux-x86_64-fedora-clang | 1.0.6 | 267.74 | NOTE | |||
r-devel-linux-x86_64-fedora-gcc | 1.0.6 | 294.04 | NOTE | |||
r-devel-windows-x86_64 | 1.0.6 | 19.00 | 174.00 | 193.00 | NOTE | |
r-patched-linux-x86_64 | 1.0.6 | 14.08 | 185.13 | 199.21 | OK | |
r-release-linux-x86_64 | 1.0.5 | 11.52 | 179.75 | 191.27 | OK | |
r-release-macos-arm64 | 1.0.6 | 88.00 | NOTE | |||
r-release-macos-x86_64 | 1.0.6 | 226.00 | ERROR | |||
r-release-windows-x86_64 | 1.0.6 | 23.00 | 198.00 | 221.00 | NOTE | |
r-oldrel-macos-arm64 | 1.0.6 | 87.00 | NOTE | |||
r-oldrel-macos-x86_64 | 1.0.4 | 116.00 | NOTE | |||
r-oldrel-windows-x86_64 | 1.0.6 | 24.00 | 187.00 | 211.00 | NOTE |
Version: 1.0.6
Check: installed package size
Result: NOTE
installed size is 5.9Mb
sub-directories of 1Mb or more:
doc 4.3Mb
Flavors: r-devel-linux-x86_64-fedora-clang, r-devel-windows-x86_64, r-release-macos-arm64, r-release-macos-x86_64, r-release-windows-x86_64, r-oldrel-macos-arm64, r-oldrel-windows-x86_64
Version: 1.0.6
Check: data for non-ASCII characters
Result: NOTE
Note: found 10 marked UTF-8 strings
Flavors: r-devel-linux-x86_64-fedora-clang, r-devel-linux-x86_64-fedora-gcc
Version: 1.0.6
Check: re-building of vignette outputs
Result: ERROR
Error(s) in re-building vignettes:
...
--- re-building ‘sop.Rmd’ using rmarkdown
Pandoc is required to build R Markdown vignettes but not available. Please make sure it is installed.
Quitting from lines 219-222 [unnamed-chunk-18] (sop.Rmd)
Error: processing vignette 'sop.Rmd' failed with diagnostics:
attempt to apply non-function
--- failed re-building ‘sop.Rmd’
SUMMARY: processing the following file failed:
‘sop.Rmd’
Error: Vignette re-building failed.
Execution halted
Flavor: r-release-macos-x86_64
Version: 1.0.4
Check: installed package size
Result: NOTE
installed size is 5.8Mb
sub-directories of 1Mb or more:
doc 4.3Mb
Flavor: r-oldrel-macos-x86_64