Last updated on 2023-11-28 18:49:26 CET.
Flavor | Version | Tinstall | Tcheck | Ttotal | Status | Flags |
---|---|---|---|---|---|---|
r-devel-linux-x86_64-debian-clang | 1.0.7 | 60.49 | 252.03 | 312.52 | OK | |
r-devel-linux-x86_64-debian-gcc | 1.0.7 | 53.99 | 190.35 | 244.34 | OK | |
r-devel-linux-x86_64-fedora-clang | 1.0.7 | 407.82 | OK | |||
r-devel-linux-x86_64-fedora-gcc | 1.0.7 | 429.01 | OK | |||
r-devel-windows-x86_64 | 1.0.7 | 56.00 | 197.00 | 253.00 | OK | |
r-patched-linux-x86_64 | 1.0.7 | 63.75 | 256.01 | 319.76 | OK | |
r-release-linux-x86_64 | 1.0.7 | 65.02 | 251.53 | 316.55 | OK | |
r-release-macos-arm64 | 1.0.7 | 104.00 | NOTE | |||
r-release-macos-x86_64 | 1.0.7 | 355.00 | NOTE | |||
r-release-windows-x86_64 | 1.0.7 | 73.00 | 275.00 | 348.00 | OK | |
r-oldrel-macos-arm64 | 1.0.7 | 92.00 | NOTE | |||
r-oldrel-macos-x86_64 | 1.0.7 | 123.00 | NOTE | |||
r-oldrel-windows-x86_64 | 1.0.7 | 70.00 | 277.00 | 347.00 | OK |
Version: 1.0.7
Check: installed package size
Result: NOTE
installed size is 10.7Mb
sub-directories of 1Mb or more:
libs 10.1Mb
Flavors: r-release-macos-arm64, r-release-macos-x86_64, r-oldrel-macos-arm64, r-oldrel-macos-x86_64