Last updated on 2023-12-09 18:54:26 CET.
Flavor | Version | Tinstall | Tcheck | Ttotal | Status | Flags |
---|---|---|---|---|---|---|
r-devel-linux-x86_64-debian-clang | 1.2 | 17.91 | 64.04 | 81.95 | NOTE | |
r-devel-linux-x86_64-debian-gcc | 1.2 | 15.06 | 48.07 | 63.13 | NOTE | |
r-devel-linux-x86_64-fedora-clang | 1.2 | 110.93 | OK | |||
r-devel-linux-x86_64-fedora-gcc | 1.2 | 118.39 | OK | |||
r-devel-windows-x86_64 | 1.2 | 18.00 | 77.00 | 95.00 | OK | |
r-patched-linux-x86_64 | 1.2 | 19.11 | 62.39 | 81.50 | OK | |
r-release-linux-x86_64 | 1.2 | 19.29 | 60.82 | 80.11 | OK | |
r-release-macos-arm64 | 1.2 | 46.00 | OK | |||
r-release-macos-x86_64 | 1.2 | 82.00 | OK | |||
r-release-windows-x86_64 | 1.2 | 22.00 | 88.00 | 110.00 | OK | |
r-oldrel-macos-arm64 | 1.2 | 42.00 | OK | |||
r-oldrel-macos-x86_64 | 1.2 | 61.00 | OK | |||
r-oldrel-windows-x86_64 | 1.2 | 23.00 | 93.00 | 116.00 | OK |
Version: 1.2
Check: Rd files
Result: NOTE
checkRd: (-1) getPCRAData.Rd:28: Lost braces in \itemize; meant \describe ?
checkRd: (-1) getPCRAData.Rd:29: Lost braces in \itemize; meant \describe ?
Flavors: r-devel-linux-x86_64-debian-clang, r-devel-linux-x86_64-debian-gcc