CRAN Package Check Results for Package PKPDsim

Last updated on 2024-06-12 20:59:08 CEST.

Flavor Version Tinstall Tcheck Ttotal Status Flags
r-devel-linux-x86_64-debian-clang 1.3.0 123.24 875.15 998.39 OK
r-devel-linux-x86_64-debian-gcc 1.3.0 0.63 1.71 2.34 ERROR
r-devel-linux-x86_64-fedora-clang 1.3.0 1278.07 NOTE
r-devel-linux-x86_64-fedora-gcc 1.3.0 1327.46 NOTE
r-devel-windows-x86_64 1.3.0 87.00 643.00 730.00 OK
r-patched-linux-x86_64 1.3.0 93.39 760.78 854.17 OK
r-release-linux-x86_64 1.3.0 94.68 760.28 854.96 OK
r-release-macos-arm64 1.3.0 231.00 OK
r-release-macos-x86_64 1.3.0 378.00 OK
r-release-windows-x86_64 1.3.0 88.00 633.00 721.00 OK
r-oldrel-macos-arm64 1.3.0 285.00 OK
r-oldrel-macos-x86_64 1.3.0 455.00 OK
r-oldrel-windows-x86_64 1.3.0 106.00 772.00 878.00 OK

Check Details

Version: 1.3.0
Check: package dependencies
Result: ERROR Package required but not available: ‘stringr’ Packages suggested but not available for checking: 'testthat', 'mockery' See section ‘The DESCRIPTION file’ in the ‘Writing R Extensions’ manual. Flavor: r-devel-linux-x86_64-debian-gcc

Version: 1.3.0
Check: dependencies in R code
Result: NOTE Namespace in Imports field not imported from: ‘BH’ All declared Imports should be used. Flavors: r-devel-linux-x86_64-fedora-clang, r-devel-linux-x86_64-fedora-gcc