CRAN Package Check Results for Package POMADE

Last updated on 2024-06-13 20:49:21 CEST.

Flavor Version Tinstall Tcheck Ttotal Status Flags
r-devel-linux-x86_64-debian-clang 0.2.0 6.87 316.25 323.12 OK
r-devel-linux-x86_64-debian-gcc 0.2.0 0.31 1.72 2.03 ERROR
r-devel-linux-x86_64-fedora-clang 0.2.0 406.61 OK
r-devel-linux-x86_64-fedora-gcc 0.2.0 357.10 OK
r-devel-windows-x86_64 0.2.0 7.00 229.00 236.00 OK
r-patched-linux-x86_64 0.2.0 7.02 299.09 306.11 OK
r-release-linux-x86_64 0.2.0 3.83 299.24 303.07 OK
r-release-macos-arm64 0.2.0 91.00 OK
r-release-macos-x86_64 0.2.0 151.00 OK
r-release-windows-x86_64 0.2.0 6.00 227.00 233.00 OK
r-oldrel-macos-arm64 0.2.0 91.00 OK
r-oldrel-macos-x86_64 0.2.0 252.00 OK
r-oldrel-windows-x86_64 0.2.0 8.00 299.00 307.00 OK

Check Details

Version: 0.2.0
Check: package dependencies
Result: ERROR Packages required but not available: 'ggplot2', 'dplyr', 'purrr', 'furrr', 'stringr', 'tidyr', 'tibble' Packages suggested but not available for checking: 'roxygen2', 'testthat' See section ‘The DESCRIPTION file’ in the ‘Writing R Extensions’ manual. Flavor: r-devel-linux-x86_64-debian-gcc