Last updated on 2023-12-07 18:49:37 CET.
Flavor | Version | Tinstall | Tcheck | Ttotal | Status | Flags |
---|---|---|---|---|---|---|
r-devel-linux-x86_64-debian-clang | 0.3.8 | 263.50 | 32.17 | 295.67 | NOTE | |
r-devel-linux-x86_64-debian-gcc | 0.3.8 | 176.40 | 25.54 | 201.94 | NOTE | |
r-devel-linux-x86_64-fedora-clang | 0.3.8 | 494.47 | NOTE | |||
r-devel-linux-x86_64-fedora-gcc | 0.3.8 | 436.26 | NOTE | |||
r-devel-windows-x86_64 | 0.3.8 | 188.00 | 74.00 | 262.00 | NOTE | |
r-patched-linux-x86_64 | 0.3.8 | 216.98 | 32.11 | 249.09 | NOTE | |
r-release-linux-x86_64 | 0.3.8 | 217.05 | 32.34 | 249.39 | NOTE | |
r-release-macos-arm64 | 0.3.8 | 94.00 | NOTE | |||
r-release-macos-x86_64 | 0.3.8 | 178.00 | NOTE | |||
r-release-windows-x86_64 | 0.3.8 | 187.00 | 84.00 | 271.00 | NOTE | |
r-oldrel-macos-arm64 | 0.3.8 | 90.00 | NOTE | |||
r-oldrel-macos-x86_64 | 0.3.8 | 111.00 | NOTE | |||
r-oldrel-windows-x86_64 | 0.3.8 | 234.00 | 74.00 | 308.00 | OK |
Version: 0.3.8
Check: C++ specification
Result: NOTE
Specified C++11: please drop specification unless essential
Flavors: r-devel-linux-x86_64-debian-clang, r-devel-linux-x86_64-debian-gcc, r-devel-linux-x86_64-fedora-clang, r-devel-linux-x86_64-fedora-gcc, r-devel-windows-x86_64, r-patched-linux-x86_64, r-release-linux-x86_64, r-release-macos-arm64, r-release-macos-x86_64, r-release-windows-x86_64
Version: 0.3.8
Check: installed package size
Result: NOTE
installed size is 9.3Mb
sub-directories of 1Mb or more:
libs 8.3Mb
Flavors: r-release-macos-arm64, r-release-macos-x86_64, r-oldrel-macos-arm64, r-oldrel-macos-x86_64