CRAN Package Check Results for Package PRISM.forecast

Last updated on 2024-04-12 20:51:34 CEST.

Flavor Version Tinstall Tcheck Ttotal Status Flags
r-devel-linux-x86_64-debian-clang 0.2.1 3.81 36.11 39.92 NOTE
r-devel-linux-x86_64-debian-gcc 0.2.1 2.71 26.46 29.17 NOTE
r-devel-linux-x86_64-fedora-clang 0.2.1 45.48 NOTE
r-devel-linux-x86_64-fedora-gcc 0.2.1 45.24 NOTE
r-devel-windows-x86_64 0.2.1 5.00 46.00 51.00 NOTE
r-patched-linux-x86_64 0.2.1 3.66 33.00 36.66 NOTE
r-release-linux-x86_64 0.2.1 2.95 33.00 35.95 NOTE
r-release-macos-arm64 0.2.1 23.00 NOTE
r-release-macos-x86_64 0.2.1 29.00 NOTE
r-release-windows-x86_64 0.2.1 6.00 49.00 55.00 NOTE
r-oldrel-macos-arm64 0.2.1 21.00 NOTE
r-oldrel-windows-x86_64 0.2.1 6.00 54.00 60.00 NOTE

Check Details

Version: 0.2.1
Check: LazyData
Result: NOTE 'LazyData' is specified without a 'data' directory Flavors: r-devel-linux-x86_64-debian-clang, r-devel-linux-x86_64-debian-gcc, r-devel-linux-x86_64-fedora-clang, r-devel-linux-x86_64-fedora-gcc, r-devel-windows-x86_64, r-patched-linux-x86_64, r-release-linux-x86_64, r-release-macos-arm64, r-release-macos-x86_64, r-release-windows-x86_64, r-oldrel-macos-arm64, r-oldrel-windows-x86_64