CRAN Package Check Results for Package PResiduals

Last updated on 2024-07-15 20:55:41 CEST.

Flavor Version Tinstall Tcheck Ttotal Status Flags
r-devel-linux-x86_64-debian-clang 1.0-1 16.32 137.34 153.66 NOTE
r-devel-linux-x86_64-debian-gcc 1.0-1 12.87 99.57 112.44 NOTE
r-devel-linux-x86_64-fedora-clang 1.0-1 201.73 NOTE
r-devel-linux-x86_64-fedora-gcc 1.0-1 191.53 NOTE
r-devel-windows-x86_64 1.0-1 16.00 108.00 124.00 NOTE
r-patched-linux-x86_64 1.0-1 24.60 129.14 153.74 NOTE
r-release-linux-x86_64 1.0-1 11.71 125.76 137.47 NOTE
r-release-macos-arm64 1.0-1 50.00 NOTE
r-release-macos-x86_64 1.0-1 75.00 NOTE
r-release-windows-x86_64 1.0-1 15.00 110.00 125.00 NOTE
r-oldrel-macos-arm64 1.0-1 59.00 NOTE
r-oldrel-macos-x86_64 1.0-1 89.00 NOTE
r-oldrel-windows-x86_64 1.0-1 23.00 130.00 153.00 NOTE

Check Details

Version: 1.0-1
Check: package subdirectories
Result: NOTE Problems with news in ‘NEWS.md’: No news entries found. Flavors: r-devel-linux-x86_64-debian-clang, r-devel-linux-x86_64-debian-gcc, r-devel-linux-x86_64-fedora-clang, r-devel-linux-x86_64-fedora-gcc, r-devel-windows-x86_64, r-patched-linux-x86_64, r-release-linux-x86_64, r-release-macos-arm64, r-release-macos-x86_64, r-release-windows-x86_64, r-oldrel-macos-arm64, r-oldrel-macos-x86_64, r-oldrel-windows-x86_64

Version: 1.0-1
Check: Rd cross-references
Result: NOTE Found the following Rd file(s) with Rd \link{} targets missing package anchors: cobot.Rd: Formula cocobot.Rd: Formula conditional_Spearman.Rd: Formula countbot.Rd: Formula megabot.Rd: Formula newpolr.Rd: stepAIC partial_Spearman.Rd: Formula presid.Rd: survreg, coxph, polr, glm.nb, ols, cph, lrm, orm, psm, Glm Please provide package anchors for all Rd \link{} targets not in the package itself and the base packages. Flavor: r-devel-windows-x86_64