Last updated on 2023-11-29 18:48:57 CET.
Flavor | Version | Tinstall | Tcheck | Ttotal | Status | Flags |
---|---|---|---|---|---|---|
r-devel-linux-x86_64-debian-clang | 1.0.2 | 21.11 | 150.50 | 171.61 | OK | |
r-devel-linux-x86_64-debian-gcc | 1.0.2 | 15.04 | 111.86 | 126.90 | OK | |
r-devel-linux-x86_64-fedora-clang | 1.0.2 | 208.05 | NOTE | |||
r-devel-linux-x86_64-fedora-gcc | 1.0.2 | 180.63 | OK | |||
r-devel-windows-x86_64 | 1.0.2 | 17.00 | 118.00 | 135.00 | OK | |
r-patched-linux-x86_64 | 1.0.2 | 20.07 | 144.18 | 164.25 | OK | |
r-release-linux-x86_64 | 1.0.2 | 15.59 | 140.14 | 155.73 | OK | |
r-release-macos-arm64 | 1.0.2 | 61.00 | OK | |||
r-release-macos-x86_64 | 1.0.2 | 167.00 | OK | |||
r-release-windows-x86_64 | 1.0.2 | 22.00 | 143.00 | 165.00 | OK | |
r-oldrel-macos-arm64 | 1.0.2 | 65.00 | OK | |||
r-oldrel-macos-x86_64 | 1.0.2 | 87.00 | OK | |||
r-oldrel-windows-x86_64 | 1.0.2 | 24.00 | 157.00 | 181.00 | OK |
Version: 1.0.2
Check: package dependencies
Result: NOTE
Imports includes 21 non-default packages.
Importing from so many packages makes the package vulnerable to any of
them becoming unavailable. Move as many as possible to Suggests and
use conditionally.
Flavor: r-devel-linux-x86_64-fedora-clang