Last updated on 2023-12-07 18:49:38 CET.
Flavor | Version | Tinstall | Tcheck | Ttotal | Status | Flags |
---|---|---|---|---|---|---|
r-devel-linux-x86_64-debian-clang | 1.3.0.1 | 36.64 | 96.96 | 133.60 | OK | |
r-devel-linux-x86_64-debian-gcc | 1.3.0.1 | 20.00 | 74.27 | 94.27 | OK | |
r-devel-linux-x86_64-fedora-clang | 1.3.0.1 | 166.64 | NOTE | |||
r-devel-linux-x86_64-fedora-gcc | 1.3.0.1 | 152.27 | NOTE | |||
r-devel-windows-x86_64 | 1.3.0.1 | 21.00 | 109.00 | 130.00 | OK | |
r-patched-linux-x86_64 | 1.3.0.1 | 26.41 | 97.57 | 123.98 | OK | |
r-release-linux-x86_64 | 1.3.0.1 | 23.28 | 96.27 | 119.55 | OK | |
r-release-macos-arm64 | 1.3.0.1 | 50.00 | OK | |||
r-release-macos-x86_64 | 1.3.0.1 | 81.00 | OK | |||
r-release-windows-x86_64 | 1.3.0.1 | 27.00 | 124.00 | 151.00 | OK | |
r-oldrel-macos-arm64 | 1.3.0.1 | 52.00 | OK | |||
r-oldrel-macos-x86_64 | 1.3.0.1 | 67.00 | OK | |||
r-oldrel-windows-x86_64 | 1.3.0.1 | 25.00 | 119.00 | 144.00 | OK |
Version: 1.3.0.1
Check: compiled code
Result: NOTE
File ‘PWEALL/libs/PWEALL.so’:
Found no calls to: ‘R_registerRoutines’, ‘R_useDynamicSymbols’
It is good practice to register native routines and to disable symbol
search.
See ‘Writing portable packages’ in the ‘Writing R Extensions’ manual.
Flavors: r-devel-linux-x86_64-fedora-clang, r-devel-linux-x86_64-fedora-gcc