Last updated on 2023-12-07 18:49:36 CET.
Flavor | Version | Tinstall | Tcheck | Ttotal | Status | Flags |
---|---|---|---|---|---|---|
r-devel-linux-x86_64-debian-clang | 2.1 | 55.92 | 78.88 | 134.80 | NOTE | |
r-devel-linux-x86_64-debian-gcc | 2.1 | 35.75 | 60.62 | 96.37 | NOTE | |
r-devel-linux-x86_64-fedora-clang | 2.1 | 175.27 | NOTE | |||
r-devel-linux-x86_64-fedora-gcc | 2.1 | 168.44 | NOTE | |||
r-devel-windows-x86_64 | 2.1 | 38.00 | 113.00 | 151.00 | NOTE | |
r-patched-linux-x86_64 | 2.1 | 40.24 | 79.35 | 119.59 | NOTE | |
r-release-linux-x86_64 | 2.1 | 40.77 | 79.00 | 119.77 | NOTE | |
r-release-macos-arm64 | 2.1 | 53.00 | NOTE | |||
r-release-macos-x86_64 | 2.1 | 86.00 | NOTE | |||
r-release-windows-x86_64 | 2.1 | 51.00 | 121.00 | 172.00 | NOTE | |
r-oldrel-macos-arm64 | 2.1 | 45.00 | NOTE | |||
r-oldrel-macos-x86_64 | 2.1 | 62.00 | NOTE | |||
r-oldrel-windows-x86_64 | 2.1 | 45.00 | 117.00 | 162.00 | NOTE |
Version: 2.1
Check: LazyData
Result: NOTE
'LazyData' is specified without a 'data' directory
Flavors: r-devel-linux-x86_64-debian-clang, r-devel-linux-x86_64-debian-gcc, r-devel-linux-x86_64-fedora-clang, r-devel-linux-x86_64-fedora-gcc, r-devel-windows-x86_64, r-patched-linux-x86_64, r-release-linux-x86_64, r-release-macos-arm64, r-release-macos-x86_64, r-release-windows-x86_64, r-oldrel-macos-arm64, r-oldrel-macos-x86_64, r-oldrel-windows-x86_64