Last updated on 2023-12-02 18:53:51 CET.
Flavor | Version | Tinstall | Tcheck | Ttotal | Status | Flags |
---|---|---|---|---|---|---|
r-devel-linux-x86_64-debian-clang | 0.2.0 | 6.12 | 138.47 | 144.59 | NOTE | |
r-devel-linux-x86_64-debian-gcc | 0.2.0 | 4.63 | 95.97 | 100.60 | NOTE | |
r-devel-linux-x86_64-fedora-clang | 0.2.0 | 171.99 | NOTE | |||
r-devel-linux-x86_64-fedora-gcc | 0.2.0 | 181.02 | NOTE | |||
r-devel-windows-x86_64 | 0.2.0 | 7.00 | 114.00 | 121.00 | OK | |
r-patched-linux-x86_64 | 0.2.0 | 4.29 | 130.83 | 135.12 | OK | |
r-release-linux-x86_64 | 0.2.0 | 4.36 | 132.87 | 137.23 | OK | |
r-release-macos-arm64 | 0.2.0 | 61.00 | OK | |||
r-release-macos-x86_64 | 0.2.0 | 81.00 | OK | |||
r-release-windows-x86_64 | 0.2.0 | 8.00 | 132.00 | 140.00 | OK | |
r-oldrel-macos-arm64 | 0.2.0 | 50.00 | NOTE | |||
r-oldrel-macos-x86_64 | 0.2.0 | 81.00 | NOTE | |||
r-oldrel-windows-x86_64 | 0.2.0 | 10.00 | 133.00 | 143.00 | OK |
Version: 0.2.0
Check: Rd files
Result: NOTE
checkRd: (-1) estimate.functional.Rd:34: Lost braces; missing escapes or markup?
34 | \item{bw}{function describing bandwidth selection (see ?gmm for alternatives). Standard is that the bandwidth depends on the sample length $T$ by $m(T)=T^{1/5}$.}
| ^
Flavors: r-devel-linux-x86_64-debian-clang, r-devel-linux-x86_64-debian-gcc
Version: 0.2.0
Check: dependencies in R code
Result: NOTE
Namespaces in Imports field not imported from:
‘car’ ‘lubridate’
All declared Imports should be used.
Flavors: r-devel-linux-x86_64-fedora-clang, r-devel-linux-x86_64-fedora-gcc, r-oldrel-macos-arm64, r-oldrel-macos-x86_64