CRAN Package Check Results for Package PredictionR

Last updated on 2025-06-21 21:50:03 CEST.

Flavor Version Tinstall Tcheck Ttotal Status Flags
r-devel-linux-x86_64-debian-clang 1.0-12 6.62 56.11 62.73 OK
r-devel-linux-x86_64-debian-gcc 1.0-12 5.18 41.92 47.10 OK
r-devel-linux-x86_64-fedora-clang 1.0-12 95.73 OK
r-devel-linux-x86_64-fedora-gcc 1.0-12 95.82 OK
r-devel-windows-x86_64 1.0-12 8.00 66.00 74.00 OK
r-patched-linux-x86_64 1.0-12 6.65 52.70 59.35 OK
r-release-linux-x86_64 1.0-12 6.77 53.80 60.57 OK
r-release-macos-arm64 1.0-12 34.00 OK
r-release-macos-x86_64 1.0-12 61.00 OK
r-release-windows-x86_64 1.0-12 8.00 65.00 73.00 OK
r-oldrel-macos-arm64 1.0-12 29.00 NOTE
r-oldrel-macos-x86_64 1.0-12 44.00 NOTE
r-oldrel-windows-x86_64 1.0-12 10.00 146.00 156.00 NOTE

Check Details

Version: 1.0-12
Check: LazyData
Result: NOTE 'LazyData' is specified without a 'data' directory Flavors: r-oldrel-macos-arm64, r-oldrel-macos-x86_64, r-oldrel-windows-x86_64