Last updated on 2023-12-04 18:52:26 CET.
Flavor | Version | Tinstall | Tcheck | Ttotal | Status | Flags |
---|---|---|---|---|---|---|
r-devel-linux-x86_64-debian-clang | 1.2.5 | 124.02 | 123.59 | 247.61 | NOTE | |
r-devel-linux-x86_64-debian-gcc | 1.2.5 | 83.31 | 94.46 | 177.77 | NOTE | |
r-devel-linux-x86_64-fedora-clang | 1.2.5 | 386.79 | NOTE | |||
r-devel-linux-x86_64-fedora-gcc | 1.2.5 | 351.74 | NOTE | |||
r-devel-windows-x86_64 | 1.2.5 | 97.00 | 157.00 | 254.00 | NOTE | |
r-patched-linux-x86_64 | 1.2.5 | 97.12 | 123.46 | 220.58 | NOTE | |
r-release-linux-x86_64 | 1.2.5 | 98.61 | 121.55 | 220.16 | NOTE | |
r-release-macos-arm64 | 1.2.5 | 91.00 | NOTE | |||
r-release-macos-x86_64 | 1.2.5 | 109.00 | NOTE | |||
r-release-windows-x86_64 | 1.2.5 | 126.00 | 158.00 | 284.00 | NOTE | |
r-oldrel-macos-arm64 | 1.2.5 | 84.00 | OK | |||
r-oldrel-macos-x86_64 | 1.2.5 | 104.00 | OK | |||
r-oldrel-windows-x86_64 | 1.2.5 | 122.00 | 155.00 | 277.00 | OK |
Version: 1.2.5
Check: C++ specification
Result: NOTE
Specified C++11: please drop specification unless essential
Flavors: r-devel-linux-x86_64-debian-clang, r-devel-linux-x86_64-debian-gcc, r-devel-linux-x86_64-fedora-clang, r-devel-linux-x86_64-fedora-gcc, r-devel-windows-x86_64, r-patched-linux-x86_64, r-release-linux-x86_64, r-release-macos-arm64, r-release-macos-x86_64, r-release-windows-x86_64