CRAN Package Check Results for Package R2PPT

Last updated on 2024-02-20 18:49:32 CET.

Flavor Version Tinstall Tcheck Ttotal Status Flags
r-devel-windows-x86_64 2.2.0 4.00 40.00 44.00 NOTE
r-release-macos-x86_64 2.2.0 5.00 ERROR
r-release-windows-x86_64 2.2.0 4.00 40.00 44.00 NOTE
r-oldrel-windows-x86_64 2.2.0 20.00 67.00 87.00 NOTE

Check Details

Version: 2.2.0
Check: package dependencies
Result: NOTE Package suggested but not available for checking: 'RDCOMClient' Flavors: r-devel-windows-x86_64, r-release-windows-x86_64, r-oldrel-windows-x86_64

Version: 2.2.0
Check: dependencies in R code
Result: NOTE 'library' or 'require' call to 'RDCOMClient' in package code. Please use :: or requireNamespace() instead. See section 'Suggested packages' in the 'Writing R Extensions' manual. Flavors: r-devel-windows-x86_64, r-release-macos-x86_64, r-release-windows-x86_64, r-oldrel-windows-x86_64

Version: 2.2.0
Check: PDF version of manual
Result: WARN LaTeX errors when creating PDF version. This typically indicates Rd problems. Flavor: r-release-macos-x86_64

Version: 2.2.0
Check: PDF version of manual without index
Result: ERROR Re-running with no redirection of stdout/stderr. Flavor: r-release-macos-x86_64