CRAN Package Check Results for Package R6DS

Last updated on 2025-01-24 18:49:53 CET.

Flavor Version Tinstall Tcheck Ttotal Status Flags
r-devel-linux-x86_64-debian-clang 1.2.0 7.67 25.11 32.78 OK
r-devel-linux-x86_64-debian-gcc 1.2.0 4.72 20.13 24.85 OK
r-devel-linux-x86_64-fedora-clang 1.2.0 53.75 OK
r-devel-linux-x86_64-fedora-gcc 1.2.0 63.06 OK
r-devel-windows-x86_64 1.2.0 7.00 54.00 61.00 OK
r-patched-linux-x86_64 1.2.0 7.44 24.04 31.48 NOTE
r-release-linux-x86_64 1.2.0 6.57 24.36 30.93 NOTE
r-release-macos-arm64 1.2.0 26.00 NOTE
r-release-macos-x86_64 1.2.0 44.00 NOTE
r-release-windows-x86_64 1.2.0 7.00 54.00 61.00 NOTE
r-oldrel-macos-arm64 1.2.0 27.00 NOTE
r-oldrel-macos-x86_64 1.2.0 40.00 NOTE
r-oldrel-windows-x86_64 1.2.0 10.00 52.00 62.00 NOTE

Check Details

Version: 1.2.0
Check: LazyData
Result: NOTE 'LazyData' is specified without a 'data' directory Flavors: r-patched-linux-x86_64, r-release-linux-x86_64, r-release-macos-arm64, r-release-macos-x86_64, r-release-windows-x86_64, r-oldrel-macos-arm64, r-oldrel-macos-x86_64, r-oldrel-windows-x86_64