CRAN Package Check Results for Package RDM

Last updated on 2024-04-12 20:51:35 CEST.

Flavor Version Tinstall Tcheck Ttotal Status Flags
r-devel-linux-x86_64-debian-clang 0.1.1 22.56 60.61 83.17 NOTE
r-devel-linux-x86_64-debian-gcc 0.1.1 16.85 44.96 61.81 NOTE
r-devel-linux-x86_64-fedora-clang 0.1.1 103.39 NOTE
r-devel-linux-x86_64-fedora-gcc 0.1.1 99.76 NOTE
r-devel-windows-x86_64 0.1.1 18.00 84.00 102.00 NOTE
r-patched-linux-x86_64 0.1.1 18.17 56.84 75.01 NOTE
r-release-linux-x86_64 0.1.1 23.29 58.18 81.47 OK
r-release-macos-arm64 0.1.1 34.00 OK
r-release-macos-x86_64 0.1.1 50.00 OK
r-release-windows-x86_64 0.1.1 23.00 90.00 113.00 OK
r-oldrel-macos-arm64 0.1.1 28.00 OK
r-oldrel-windows-x86_64 0.1.1 21.00 94.00 115.00 OK

Check Details

Version: 0.1.1
Check: Rd files
Result: NOTE checkRd: (-1) computeCBMeasure.Rd:26: Lost braces in \itemize; meant \describe ? checkRd: (-1) computeCBMeasure.Rd:27: Lost braces in \itemize; meant \describe ? checkRd: (-1) computeCBMeasure.Rd:28: Lost braces in \itemize; meant \describe ? checkRd: (-1) computeCBMeasure.Rd:29: Lost braces in \itemize; meant \describe ? checkRd: (-1) computeCBMeasure.Rd:30: Lost braces in \itemize; meant \describe ? checkRd: (-1) rdm.Rd:52: Lost braces in \itemize; meant \describe ? checkRd: (-1) rdm.Rd:53: Lost braces in \itemize; meant \describe ? checkRd: (-1) rdm.Rd:54: Lost braces in \itemize; meant \describe ? checkRd: (-1) rdm.Rd:55: Lost braces in \itemize; meant \describe ? checkRd: (-1) rdm.Rd:56: Lost braces in \itemize; meant \describe ? Flavors: r-devel-linux-x86_64-debian-clang, r-devel-linux-x86_64-debian-gcc, r-devel-linux-x86_64-fedora-clang, r-devel-linux-x86_64-fedora-gcc, r-devel-windows-x86_64, r-patched-linux-x86_64