Last updated on 2023-11-30 18:49:42 CET.
Flavor | Version | Tinstall | Tcheck | Ttotal | Status | Flags |
---|---|---|---|---|---|---|
r-devel-linux-x86_64-debian-clang | 0.2.4 | 4.91 | 47.14 | 52.05 | OK | |
r-devel-linux-x86_64-debian-gcc | 0.2.4 | 5.07 | 36.37 | 41.44 | OK | |
r-devel-linux-x86_64-fedora-clang | 0.2.4 | 66.49 | NOTE | |||
r-devel-linux-x86_64-fedora-gcc | 0.2.4 | 63.36 | OK | |||
r-devel-windows-x86_64 | 0.2.4 | 5.00 | 54.00 | 59.00 | OK | |
r-patched-linux-x86_64 | 0.2.4 | 7.88 | 45.93 | 53.81 | OK | |
r-release-linux-x86_64 | 0.2.4 | 6.22 | 46.83 | 53.05 | OK | |
r-release-macos-arm64 | 0.2.4 | 21.00 | OK | |||
r-release-macos-x86_64 | 0.2.4 | 38.00 | OK | |||
r-release-windows-x86_64 | 0.2.4 | 5.00 | 59.00 | 64.00 | OK | |
r-oldrel-macos-arm64 | 0.2.4 | 20.00 | OK | |||
r-oldrel-macos-x86_64 | 0.2.4 | 33.00 | OK | |||
r-oldrel-windows-x86_64 | 0.2.4 | 9.00 | 67.00 | 76.00 | OK |
Version: 0.2.4
Check: Rd cross-references
Result: NOTE
Undeclared package ‘DBI’ in Rd xrefs
Flavor: r-devel-linux-x86_64-fedora-clang