Last updated on 2023-11-27 18:51:17 CET.
Flavor | Version | Tinstall | Tcheck | Ttotal | Status | Flags |
---|---|---|---|---|---|---|
r-devel-windows-x86_64 | 1.0.1 | 7.00 | 233.00 | 240.00 | NOTE | |
r-release-macos-x86_64 | 1.0.1 | 8.00 | ERROR | |||
r-release-windows-x86_64 | 1.0.1 | 10.00 | 425.00 | 435.00 | NOTE | |
r-oldrel-windows-x86_64 | 1.0.1 | 9.00 | 414.00 | 423.00 | NOTE |
Version: 1.0.1
Check: LazyData
Result: NOTE
'LazyData' is specified without a 'data' directory
Flavors: r-devel-windows-x86_64, r-release-macos-x86_64, r-release-windows-x86_64, r-oldrel-windows-x86_64
Version: 1.0.1
Check: PDF version of manual
Result: WARN
LaTeX errors when creating PDF version.
This typically indicates Rd problems.
Flavor: r-release-macos-x86_64
Version: 1.0.1
Check: PDF version of manual without index
Result: ERROR
Re-running with no redirection of stdout/stderr.
Flavor: r-release-macos-x86_64