CRAN Package Check Results for Package RKorAPClient

Last updated on 2024-07-17 20:57:09 CEST.

Flavor Version Tinstall Tcheck Ttotal Status Flags
r-devel-linux-x86_64-debian-clang 0.8.1 15.07 117.16 132.23 OK
r-devel-linux-x86_64-debian-gcc 0.8.1 12.28 86.95 99.23 OK
r-devel-linux-x86_64-fedora-clang 0.8.1 165.27 OK
r-devel-linux-x86_64-fedora-gcc 0.8.1 162.09 OK
r-devel-windows-x86_64 0.8.1 14.00 101.00 115.00 NOTE
r-patched-linux-x86_64 0.8.1 15.59 109.81 125.40 OK
r-release-linux-x86_64 0.8.1 9.73 110.59 120.32 OK
r-release-macos-arm64 0.8.1 55.00 OK
r-release-macos-x86_64 0.8.1 83.00 OK
r-release-windows-x86_64 0.8.1 13.00 103.00 116.00 OK
r-oldrel-macos-arm64 0.8.1 58.00 OK
r-oldrel-macos-x86_64 0.8.1 126.00 OK
r-oldrel-windows-x86_64 0.8.1 18.00 122.00 140.00 OK

Check Details

Version: 0.8.1
Check: Rd cross-references
Result: NOTE Found the following Rd file(s) with Rd \link{} targets missing package anchors: KorAPConnection-class.Rd: keyring hc_freq_by_year_ci.Rd: hc_add_series Please provide package anchors for all Rd \link{} targets not in the package itself and the base packages. Flavor: r-devel-windows-x86_64