CRAN Package Check Results for Package RMAT

Last updated on 2023-12-02 18:53:54 CET.

Flavor Version Tinstall Tcheck Ttotal Status Flags
r-devel-linux-x86_64-debian-clang 0.2.0 5.08 41.81 46.89 OK
r-devel-linux-x86_64-debian-gcc 0.2.0 3.89 31.91 35.80 OK
r-devel-linux-x86_64-fedora-clang 0.2.0 57.44 NOTE
r-devel-linux-x86_64-fedora-gcc 0.2.0 53.96 NOTE
r-devel-windows-x86_64 0.2.0 5.00 53.00 58.00 OK
r-patched-linux-x86_64 0.2.0 5.13 39.87 45.00 OK
r-release-linux-x86_64 0.2.0 4.29 39.87 44.16 OK
r-release-macos-arm64 0.2.0 23.00 OK
r-release-macos-x86_64 0.2.0 31.00 OK
r-release-windows-x86_64 0.2.0 7.00 58.00 65.00 OK
r-oldrel-macos-arm64 0.2.0 20.00 NOTE
r-oldrel-macos-x86_64 0.2.0 40.00 NOTE
r-oldrel-windows-x86_64 0.2.0 7.00 59.00 66.00 OK

Check Details

Version: 0.2.0
Check: dependencies in R code
Result: NOTE Namespace in Imports field not imported from: ‘magrittr’ All declared Imports should be used. Flavors: r-devel-linux-x86_64-fedora-clang, r-devel-linux-x86_64-fedora-gcc, r-oldrel-macos-arm64, r-oldrel-macos-x86_64