CRAN Package Check Results for Package RMAT

Last updated on 2024-07-17 20:57:10 CEST.

Flavor Version Tinstall Tcheck Ttotal Status Flags
r-devel-linux-x86_64-debian-clang 0.2.0 5.36 41.90 47.26 OK
r-devel-linux-x86_64-debian-gcc 0.2.0 3.09 31.82 34.91 OK
r-devel-linux-x86_64-fedora-clang 0.2.0 64.38 NOTE
r-devel-linux-x86_64-fedora-gcc 0.2.0 55.06 NOTE
r-devel-windows-x86_64 0.2.0 6.00 53.00 59.00 OK
r-patched-linux-x86_64 0.2.0 5.47 40.34 45.81 OK
r-release-linux-x86_64 0.2.0 4.59 40.42 45.01 OK
r-release-macos-arm64 0.2.0 20.00 OK
r-release-macos-x86_64 0.2.0 31.00 OK
r-release-windows-x86_64 0.2.0 5.00 54.00 59.00 OK
r-oldrel-macos-arm64 0.2.0 23.00 OK
r-oldrel-macos-x86_64 0.2.0 31.00 OK
r-oldrel-windows-x86_64 0.2.0 8.00 57.00 65.00 OK

Check Details

Version: 0.2.0
Check: dependencies in R code
Result: NOTE Namespace in Imports field not imported from: ‘magrittr’ All declared Imports should be used. Flavors: r-devel-linux-x86_64-fedora-clang, r-devel-linux-x86_64-fedora-gcc