CRAN Package Check Results for Package RMCC

Last updated on 2024-02-24 18:55:01 CET.

Flavor Version Tinstall Tcheck Ttotal Status Flags
r-devel-linux-x86_64-debian-clang 0.1.0 45.91 30.81 76.72 NOTE
r-devel-linux-x86_64-debian-gcc 0.1.0 36.60 24.40 61.00 NOTE
r-devel-linux-x86_64-fedora-clang 0.1.0 132.86 NOTE
r-devel-linux-x86_64-fedora-gcc 0.1.0 105.91 NOTE
r-devel-windows-x86_64 0.1.0 42.00 80.00 122.00 NOTE
r-patched-linux-x86_64 0.1.0 45.18 30.72 75.90 NOTE
r-release-linux-x86_64 0.1.0 42.64 30.45 73.09 NOTE
r-release-macos-arm64 0.1.0 31.00 NOTE
r-release-macos-x86_64 0.1.0 48.00 NOTE
r-release-windows-x86_64 0.1.0 47.00 80.00 127.00 NOTE
r-oldrel-macos-arm64 0.1.0 32.00 OK
r-oldrel-windows-x86_64 0.1.0 53.00 80.00 133.00 OK

Additional issues

M1mac

Check Details

Version: 0.1.0
Check: C++ specification
Result: NOTE Specified C++11: please drop specification unless essential Flavors: r-devel-linux-x86_64-debian-clang, r-devel-linux-x86_64-debian-gcc, r-devel-linux-x86_64-fedora-clang, r-devel-linux-x86_64-fedora-gcc, r-devel-windows-x86_64, r-patched-linux-x86_64, r-release-linux-x86_64, r-release-macos-arm64, r-release-macos-x86_64, r-release-windows-x86_64