CRAN Package Check Results for Package RNAseqQC

Last updated on 2024-07-13 19:54:12 CEST.

Flavor Version Tinstall Tcheck Ttotal Status Flags
r-devel-linux-x86_64-debian-clang 0.2.0 35.69 473.64 509.33 OK
r-devel-linux-x86_64-debian-gcc 0.2.0 31.90 359.79 391.69 OK
r-devel-linux-x86_64-fedora-clang 0.2.0 704.60 NOTE
r-devel-linux-x86_64-fedora-gcc 0.2.0 691.80 OK
r-devel-windows-x86_64 0.2.0 34.00 337.00 371.00 OK
r-patched-linux-x86_64 0.2.0 24.67 463.28 487.95 OK
r-release-linux-x86_64 0.2.0 25.01 468.18 493.19 OK
r-release-macos-arm64 0.2.0 191.00 OK
r-release-macos-x86_64 0.2.0 491.00 NOTE
r-release-windows-x86_64 0.2.0 34.00 349.00 383.00 OK
r-oldrel-macos-arm64 0.2.0 224.00 NOTE
r-oldrel-macos-x86_64 0.2.0 393.00 NOTE
r-oldrel-windows-x86_64 0.2.0 46.00 465.00 511.00 OK

Check Details

Version: 0.2.0
Check: package dependencies
Result: NOTE Imports includes 21 non-default packages. Importing from so many packages makes the package vulnerable to any of them becoming unavailable. Move as many as possible to Suggests and use conditionally. Flavor: r-devel-linux-x86_64-fedora-clang

Version: 0.2.0
Check: installed package size
Result: NOTE installed size is 5.5Mb sub-directories of 1Mb or more: data 3.0Mb doc 2.3Mb Flavor: r-release-macos-x86_64

Version: 0.2.0
Check: package dependencies
Result: NOTE Package suggested but not available for checking: ‘recount3’ Flavors: r-oldrel-macos-arm64, r-oldrel-macos-x86_64