CRAN Package Check Results for Package RNetCDF

Last updated on 2024-02-27 18:49:27 CET.

Flavor Version Tinstall Tcheck Ttotal Status Flags
r-devel-linux-x86_64-debian-clang 2.9-1 24.10 47.52 71.62 OK
r-devel-linux-x86_64-debian-gcc 2.9-1 15.91 35.84 51.75 OK
r-devel-linux-x86_64-fedora-clang 2.9-1 89.67 OK
r-devel-linux-x86_64-fedora-gcc 2.9-1 87.13 OK
r-devel-windows-x86_64 2.9-1 118.00 199.00 317.00 NOTE
r-patched-linux-x86_64 2.9-1 19.70 46.44 66.14 OK
r-release-linux-x86_64 2.9-1 19.11 46.74 65.85 OK
r-release-macos-arm64 2.9-1 55.00 NOTE
r-release-macos-x86_64 2.9-1 110.00 NOTE
r-release-windows-x86_64 2.9-1 135.00 221.00 356.00 NOTE
r-oldrel-macos-arm64 2.9-1 57.00 NOTE
r-oldrel-windows-x86_64 2.9-1 127.00 132.00 259.00 NOTE

Check Details

Version: 2.9-1
Check: installed package size
Result: NOTE installed size is 15.9Mb sub-directories of 1Mb or more: libs 15.6Mb Flavors: r-devel-windows-x86_64, r-release-macos-arm64, r-release-macos-x86_64, r-release-windows-x86_64, r-oldrel-macos-arm64, r-oldrel-windows-x86_64

Version: 2.9-1
Check: package dependencies
Result: NOTE Packages which this enhances but not available for checking: 'pbdMPI', 'Rmpi' Flavors: r-release-macos-arm64, r-release-macos-x86_64, r-oldrel-macos-arm64

Version: 2.9-1
Check: Rd cross-references
Result: NOTE Packages unavailable to check Rd xrefs: ‘pbdMPI’, ‘Rmpi’ Flavors: r-release-macos-arm64, r-release-macos-x86_64, r-oldrel-macos-arm64