Last updated on 2023-12-05 18:49:36 CET.
Flavor | Version | Tinstall | Tcheck | Ttotal | Status | Flags |
---|---|---|---|---|---|---|
r-devel-linux-x86_64-debian-clang | 2.8.0 | 29.70 | 301.04 | 330.74 | OK | |
r-devel-linux-x86_64-debian-gcc | 2.8.0 | 26.78 | 222.30 | 249.08 | OK | |
r-devel-linux-x86_64-fedora-clang | 2.8.0 | 428.55 | NOTE | |||
r-devel-linux-x86_64-fedora-gcc | 2.8.0 | 415.66 | OK | |||
r-devel-windows-x86_64 | 2.8.0 | 26.00 | 258.00 | 284.00 | NOTE | |
r-patched-linux-x86_64 | 2.8.0 | 29.54 | 292.55 | 322.09 | OK | |
r-release-linux-x86_64 | 2.8.0 | 27.76 | 286.86 | 314.62 | OK | |
r-release-macos-arm64 | 2.8.0 | 137.00 | NOTE | |||
r-release-macos-x86_64 | 2.8.0 | 193.00 | NOTE | |||
r-release-windows-x86_64 | 2.8.0 | 35.00 | 319.00 | 354.00 | NOTE | |
r-oldrel-macos-arm64 | 2.8.0 | 123.00 | NOTE | |||
r-oldrel-macos-x86_64 | 2.8.0 | 159.00 | NOTE | |||
r-oldrel-windows-x86_64 | 2.8.0 | 35.00 | 315.00 | 350.00 | NOTE |
Version: 2.8.0
Check: installed package size
Result: NOTE
installed size is 5.3Mb
sub-directories of 1Mb or more:
doc 3.6Mb
Flavors: r-devel-linux-x86_64-fedora-clang, r-devel-windows-x86_64, r-release-macos-arm64, r-release-macos-x86_64, r-release-windows-x86_64, r-oldrel-macos-arm64, r-oldrel-macos-x86_64, r-oldrel-windows-x86_64