Last updated on 2023-12-01 18:51:20 CET.
Flavor | Version | Tinstall | Tcheck | Ttotal | Status | Flags |
---|---|---|---|---|---|---|
r-devel-linux-x86_64-debian-clang | 0.10.6 | 12.86 | 97.21 | 110.07 | OK | |
r-devel-linux-x86_64-debian-gcc | 0.10.6 | 11.24 | 71.61 | 82.85 | OK | |
r-devel-linux-x86_64-fedora-clang | 0.10.6 | 135.03 | OK | |||
r-devel-linux-x86_64-fedora-gcc | 0.10.6 | 132.39 | OK | |||
r-devel-windows-x86_64 | 0.10.6 | 11.00 | 86.00 | 97.00 | OK | |
r-patched-linux-x86_64 | 0.10.6 | 16.60 | 91.01 | 107.61 | OK | |
r-release-linux-x86_64 | 0.10.6 | 11.83 | 91.18 | 103.01 | OK | |
r-release-macos-arm64 | 0.10.6 | 45.00 | OK | |||
r-release-macos-x86_64 | 0.10.6 | 75.00 | NOTE | |||
r-release-windows-x86_64 | 0.10.6 | 15.00 | 98.00 | 113.00 | OK | |
r-oldrel-macos-arm64 | 0.10.6 | 63.00 | OK | |||
r-oldrel-macos-x86_64 | 0.10.6 | 87.00 | OK | |||
r-oldrel-windows-x86_64 | 0.10.6 | 14.00 | 101.00 | 115.00 | OK |
Version: 0.10.6
Check: package dependencies
Result: NOTE
Packages suggested but not available for checking: 'fields', 'qgraph'
Flavor: r-release-macos-x86_64