Last updated on 2023-12-05 18:49:37 CET.
Flavor | Version | Tinstall | Tcheck | Ttotal | Status | Flags |
---|---|---|---|---|---|---|
r-devel-linux-x86_64-debian-clang | 0.2-1 | 3.18 | 62.92 | 66.10 | NOTE | |
r-devel-linux-x86_64-debian-gcc | 0.2-1 | 3.05 | 49.60 | 52.65 | NOTE | |
r-devel-linux-x86_64-fedora-clang | 0.2-1 | 82.00 | OK | |||
r-devel-linux-x86_64-fedora-gcc | 0.2-1 | 81.79 | OK | |||
r-devel-windows-x86_64 | 0.2-1 | 4.00 | 75.00 | 79.00 | OK | |
r-patched-linux-x86_64 | 0.2-1 | 4.17 | 61.93 | 66.10 | OK | |
r-release-linux-x86_64 | 0.2-1 | 3.85 | 62.27 | 66.12 | OK | |
r-release-macos-arm64 | 0.2-1 | 29.00 | OK | |||
r-release-macos-x86_64 | 0.2-1 | 48.00 | OK | |||
r-release-windows-x86_64 | 0.2-1 | 4.00 | 84.00 | 88.00 | OK | |
r-oldrel-macos-arm64 | 0.2-1 | 27.00 | OK | |||
r-oldrel-macos-x86_64 | 0.2-1 | 40.00 | OK | |||
r-oldrel-windows-x86_64 | 0.2-1 | 6.00 | 79.00 | 85.00 | OK |
Version: 0.2-1
Check: Rd files
Result: NOTE
checkRd: (-1) RTDE.Rd:78: Lost braces in \itemize; meant \describe ?
checkRd: (-1) RTDE.Rd:79: Lost braces in \itemize; meant \describe ?
Flavors: r-devel-linux-x86_64-debian-clang, r-devel-linux-x86_64-debian-gcc