CRAN Package Check Results for Package RWDataPlyr

Last updated on 2024-02-25 18:51:36 CET.

Flavor Version Tinstall Tcheck Ttotal Status Flags
r-devel-linux-x86_64-debian-clang 0.6.4 35.83 116.63 152.46 NOTE
r-devel-linux-x86_64-debian-gcc 0.6.4 25.04 87.67 112.71 NOTE
r-devel-linux-x86_64-fedora-clang 0.6.4 191.69 NOTE
r-devel-linux-x86_64-fedora-gcc 0.6.4 192.66 NOTE
r-devel-windows-x86_64 0.6.4 25.00 126.00 151.00 NOTE
r-patched-linux-x86_64 0.6.4 19.60 113.21 132.81 NOTE
r-release-linux-x86_64 0.6.4 20.45 111.15 131.60 NOTE
r-release-macos-arm64 0.6.4 65.00 NOTE
r-release-macos-x86_64 0.6.4 109.00 NOTE
r-release-windows-x86_64 0.6.4 32.00 155.00 187.00 NOTE
r-oldrel-macos-arm64 0.6.4 51.00 OK
r-oldrel-windows-x86_64 0.6.4 29.00 141.00 170.00 OK

Check Details

Version: 0.6.4
Check: C++ specification
Result: NOTE Specified C++11: please drop specification unless essential Flavors: r-devel-linux-x86_64-debian-clang, r-devel-linux-x86_64-debian-gcc, r-devel-linux-x86_64-fedora-clang, r-devel-linux-x86_64-fedora-gcc, r-devel-windows-x86_64, r-patched-linux-x86_64, r-release-linux-x86_64, r-release-macos-arm64, r-release-macos-x86_64, r-release-windows-x86_64