Last updated on 2023-12-07 18:49:38 CET.
Flavor | Version | Tinstall | Tcheck | Ttotal | Status | Flags |
---|---|---|---|---|---|---|
r-devel-linux-x86_64-debian-clang | 0.3.3 | 53.90 | 389.23 | 443.13 | OK | |
r-devel-linux-x86_64-debian-gcc | 0.3.3 | 42.11 | 286.83 | 328.94 | OK | |
r-devel-linux-x86_64-fedora-clang | 0.3.3 | 599.33 | NOTE | |||
r-devel-linux-x86_64-fedora-gcc | 0.3.3 | 575.72 | OK | |||
r-devel-windows-x86_64 | 0.3.3 | 45.00 | 429.00 | 474.00 | NOTE | |
r-patched-linux-x86_64 | 0.3.3 | 50.20 | 384.59 | 434.79 | OK | |
r-release-linux-x86_64 | 0.3.3 | 33.78 | 381.82 | 415.60 | OK | |
r-release-macos-arm64 | 0.3.3 | 217.00 | NOTE | |||
r-release-macos-x86_64 | 0.3.3 | 338.00 | NOTE | |||
r-release-windows-x86_64 | 0.3.3 | 61.00 | 530.00 | 591.00 | NOTE | |
r-oldrel-macos-arm64 | 0.3.3 | 201.00 | NOTE | |||
r-oldrel-macos-x86_64 | 0.3.3 | 267.00 | NOTE | |||
r-oldrel-windows-x86_64 | 0.3.3 | 61.00 | 526.00 | 587.00 | NOTE |
Version: 0.3.3
Check: package dependencies
Result: NOTE
Imports includes 25 non-default packages.
Importing from so many packages makes the package vulnerable to any of
them becoming unavailable. Move as many as possible to Suggests and
use conditionally.
Flavor: r-devel-linux-x86_64-fedora-clang
Version: 0.3.3
Check: installed package size
Result: NOTE
installed size is 9.6Mb
sub-directories of 1Mb or more:
data 2.0Mb
doc 6.7Mb
Flavors: r-devel-linux-x86_64-fedora-clang, r-devel-windows-x86_64, r-release-macos-arm64, r-release-macos-x86_64, r-release-windows-x86_64, r-oldrel-macos-arm64, r-oldrel-macos-x86_64, r-oldrel-windows-x86_64
Version: 0.3.3
Check: package dependencies
Result: NOTE
Packages suggested but not available for checking: 'batchelor', 'slingshot'
Flavors: r-release-macos-arm64, r-release-macos-x86_64
Version: 0.3.3
Check: package dependencies
Result: NOTE
Package suggested but not available for checking: ‘slingshot’
Flavors: r-oldrel-macos-arm64, r-oldrel-macos-x86_64