Last updated on 2023-11-28 18:49:29 CET.
Flavor | Version | Tinstall | Tcheck | Ttotal | Status | Flags |
---|---|---|---|---|---|---|
r-devel-linux-x86_64-debian-clang | 0.2.0 | 18.80 | 142.48 | 161.28 | NOTE | |
r-devel-linux-x86_64-debian-gcc | 0.2.0 | 14.07 | 103.19 | 117.26 | NOTE | |
r-devel-linux-x86_64-fedora-clang | 0.2.0 | 192.16 | NOTE | |||
r-devel-linux-x86_64-fedora-gcc | 0.2.0 | 199.60 | NOTE | |||
r-devel-windows-x86_64 | 0.2.0 | 16.00 | 118.00 | 134.00 | NOTE | |
r-patched-linux-x86_64 | 0.2.0 | 18.41 | 133.12 | 151.53 | NOTE | |
r-release-linux-x86_64 | 0.2.0 | 10.82 | 132.78 | 143.60 | NOTE | |
r-release-macos-arm64 | 0.2.0 | 64.00 | NOTE | |||
r-release-macos-x86_64 | 0.2.0 | 105.00 | NOTE | |||
r-release-windows-x86_64 | 0.2.0 | 21.00 | 141.00 | 162.00 | NOTE | |
r-oldrel-macos-arm64 | 0.2.0 | 58.00 | NOTE | |||
r-oldrel-macos-x86_64 | 0.2.0 | 98.00 | NOTE | |||
r-oldrel-windows-x86_64 | 0.2.0 | 21.00 | 148.00 | 169.00 | NOTE |
Version: 0.2.0
Check: LazyData
Result: NOTE
'LazyData' is specified without a 'data' directory
Flavors: r-devel-linux-x86_64-debian-clang, r-devel-linux-x86_64-debian-gcc, r-devel-linux-x86_64-fedora-clang, r-devel-linux-x86_64-fedora-gcc, r-devel-windows-x86_64, r-patched-linux-x86_64, r-release-linux-x86_64, r-release-macos-arm64, r-release-macos-x86_64, r-release-windows-x86_64, r-oldrel-macos-arm64, r-oldrel-macos-x86_64, r-oldrel-windows-x86_64