Last updated on 2023-11-30 18:49:41 CET.
Flavor | Version | Tinstall | Tcheck | Ttotal | Status | Flags |
---|---|---|---|---|---|---|
r-devel-linux-x86_64-debian-clang | 0.1.0 | 3.65 | 24.25 | 27.90 | NOTE | |
r-devel-linux-x86_64-debian-gcc | 0.1.0 | 3.45 | 18.40 | 21.85 | NOTE | |
r-devel-linux-x86_64-fedora-clang | 0.1.0 | 35.37 | NOTE | |||
r-devel-linux-x86_64-fedora-gcc | 0.1.0 | 34.31 | NOTE | |||
r-devel-windows-x86_64 | 0.1.0 | 5.00 | 36.00 | 41.00 | NOTE | |
r-patched-linux-x86_64 | 0.1.0 | 3.49 | 23.79 | 27.28 | NOTE | |
r-release-linux-x86_64 | 0.1.0 | 4.28 | 24.06 | 28.34 | NOTE | |
r-release-macos-arm64 | 0.1.0 | 16.00 | NOTE | |||
r-release-macos-x86_64 | 0.1.0 | 22.00 | NOTE | |||
r-release-windows-x86_64 | 0.1.0 | 4.00 | 36.00 | 40.00 | NOTE | |
r-oldrel-macos-arm64 | 0.1.0 | 18.00 | NOTE | |||
r-oldrel-macos-x86_64 | 0.1.0 | 22.00 | NOTE | |||
r-oldrel-windows-x86_64 | 0.1.0 | 7.00 | 43.00 | 50.00 | NOTE |
Version: 0.1.0
Check: LazyData
Result: NOTE
'LazyData' is specified without a 'data' directory
Flavors: r-devel-linux-x86_64-debian-clang, r-devel-linux-x86_64-debian-gcc, r-devel-linux-x86_64-fedora-clang, r-devel-linux-x86_64-fedora-gcc, r-devel-windows-x86_64, r-patched-linux-x86_64, r-release-linux-x86_64, r-release-macos-arm64, r-release-macos-x86_64, r-release-windows-x86_64, r-oldrel-macos-arm64, r-oldrel-macos-x86_64, r-oldrel-windows-x86_64