CRAN Package Check Results for Package RanglaPunjab

Last updated on 2023-12-02 18:53:53 CET.

Flavor Version Tinstall Tcheck Ttotal Status Flags
r-devel-linux-x86_64-debian-clang 2.3.4 4.83 39.95 44.78 NOTE
r-devel-linux-x86_64-debian-gcc 2.3.4 4.05 30.83 34.88 NOTE
r-devel-linux-x86_64-fedora-clang 2.3.4 55.35 NOTE
r-devel-linux-x86_64-fedora-gcc 2.3.4 65.03 NOTE
r-devel-windows-x86_64 2.3.4 6.00 54.00 60.00 NOTE
r-patched-linux-x86_64 2.3.4 4.15 38.01 42.16 NOTE
r-release-linux-x86_64 2.3.4 2.95 38.62 41.57 NOTE
r-release-macos-arm64 2.3.4 32.00 NOTE
r-release-macos-x86_64 2.3.4 44.00 NOTE
r-release-windows-x86_64 2.3.4 9.00 55.00 64.00 NOTE
r-oldrel-macos-arm64 2.3.4 34.00 NOTE
r-oldrel-macos-x86_64 2.3.4 58.00 NOTE
r-oldrel-windows-x86_64 2.3.4 8.00 66.00 74.00 NOTE

Check Details

Version: 2.3.4
Check: LazyData
Result: NOTE 'LazyData' is specified without a 'data' directory Flavors: r-devel-linux-x86_64-debian-clang, r-devel-linux-x86_64-debian-gcc, r-devel-linux-x86_64-fedora-clang, r-devel-linux-x86_64-fedora-gcc, r-devel-windows-x86_64, r-patched-linux-x86_64, r-release-linux-x86_64, r-release-macos-arm64, r-release-macos-x86_64, r-release-windows-x86_64, r-oldrel-macos-arm64, r-oldrel-macos-x86_64, r-oldrel-windows-x86_64