CRAN Package Check Results for Package RanglaPunjab

Last updated on 2024-06-13 20:49:23 CEST.

Flavor Version Tinstall Tcheck Ttotal Status Flags
r-devel-linux-x86_64-debian-clang 2.3.4 5.94 42.70 48.64 NOTE
r-devel-linux-x86_64-debian-gcc 2.3.4 0.48 1.75 2.23 ERROR
r-devel-linux-x86_64-fedora-clang 2.3.4 59.24 NOTE
r-devel-linux-x86_64-fedora-gcc 2.3.4 69.22 NOTE
r-devel-windows-x86_64 2.3.4 6.00 53.00 59.00 NOTE
r-patched-linux-x86_64 2.3.4 3.74 41.40 45.14 NOTE
r-release-linux-x86_64 2.3.4 3.38 40.92 44.30 NOTE
r-release-macos-arm64 2.3.4 29.00 NOTE
r-release-macos-x86_64 2.3.4 41.00 NOTE
r-release-windows-x86_64 2.3.4 6.00 54.00 60.00 NOTE
r-oldrel-macos-arm64 2.3.4 32.00 NOTE
r-oldrel-macos-x86_64 2.3.4 44.00 NOTE
r-oldrel-windows-x86_64 2.3.4 7.00 59.00 66.00 NOTE

Check Details

Version: 2.3.4
Check: LazyData
Result: NOTE 'LazyData' is specified without a 'data' directory Flavors: r-devel-linux-x86_64-debian-clang, r-devel-linux-x86_64-fedora-clang, r-devel-linux-x86_64-fedora-gcc, r-devel-windows-x86_64, r-patched-linux-x86_64, r-release-linux-x86_64, r-release-macos-arm64, r-release-macos-x86_64, r-release-windows-x86_64, r-oldrel-macos-arm64, r-oldrel-macos-x86_64, r-oldrel-windows-x86_64

Version: 2.3.4
Check: package dependencies
Result: ERROR Package required but not available: ‘tidyverse’ See section ‘The DESCRIPTION file’ in the ‘Writing R Extensions’ manual. Flavor: r-devel-linux-x86_64-debian-gcc