CRAN Package Check Results for Package RationalMatrix

Last updated on 2024-06-17 21:52:03 CEST.

Flavor Version Tinstall Tcheck Ttotal Status Flags
r-devel-linux-x86_64-debian-clang 1.0.0 49.71 28.93 78.64 OK
r-devel-linux-x86_64-debian-gcc 1.0.0 38.54 22.60 61.14 OK
r-devel-linux-x86_64-fedora-clang 1.0.0 110.38 OK
r-devel-linux-x86_64-fedora-gcc 1.0.0 119.45 OK
r-devel-windows-x86_64 1.0.0 38.00 63.00 101.00 OK
r-patched-linux-x86_64 1.0.0 42.75 28.97 71.72 OK
r-release-linux-x86_64 1.0.0 48.58 28.01 76.59 OK
r-release-macos-arm64 1.0.0 28.00 NOTE
r-release-macos-x86_64 1.0.0 41.00 NOTE
r-release-windows-x86_64 1.0.0 34.00 72.00 106.00 OK
r-oldrel-macos-arm64 1.0.0 37.00 NOTE
r-oldrel-macos-x86_64 1.0.0 48.00 NOTE
r-oldrel-windows-x86_64 1.0.0 44.00 82.00 126.00 OK

Check Details

Version: 1.0.0
Check: installed package size
Result: NOTE installed size is 14.7Mb sub-directories of 1Mb or more: libs 14.6Mb Flavors: r-release-macos-arm64, r-release-macos-x86_64, r-oldrel-macos-arm64, r-oldrel-macos-x86_64