Last updated on 2023-12-04 18:52:27 CET.
Flavor | Version | Tinstall | Tcheck | Ttotal | Status | Flags |
---|---|---|---|---|---|---|
r-devel-linux-x86_64-debian-clang | 0.0-2 | 21.67 | 159.59 | 181.26 | NOTE | |
r-devel-linux-x86_64-debian-gcc | 0.0-2 | 18.18 | 116.56 | 134.74 | NOTE | |
r-devel-linux-x86_64-fedora-clang | 0.0-2 | 231.43 | NOTE | |||
r-devel-linux-x86_64-fedora-gcc | 0.0-2 | 229.86 | NOTE | |||
r-devel-windows-x86_64 | 0.0-2 | 33.00 | 267.00 | 300.00 | NOTE | |
r-patched-linux-x86_64 | 0.0-2 | 20.80 | 152.30 | 173.10 | NOTE | |
r-release-linux-x86_64 | 0.0-2 | 19.21 | 150.39 | 169.60 | NOTE | |
r-release-macos-arm64 | 0.0-2 | 68.00 | NOTE | |||
r-release-macos-x86_64 | 0.0-2 | 117.00 | NOTE | |||
r-release-windows-x86_64 | 0.0-2 | 28.00 | 195.00 | 223.00 | NOTE | |
r-oldrel-macos-arm64 | 0.0-2 | 84.00 | OK | |||
r-oldrel-macos-x86_64 | 0.0-2 | 193.00 | OK | |||
r-oldrel-windows-x86_64 | 0.0-2 | 27.00 | 171.00 | 198.00 | OK |
Version: 0.0-2
Check: Rd files
Result: NOTE
checkRd: (-1) RcmdrPlugin.MA-package.Rd:21: Escaped LaTeX specials: \&
checkRd: (-1) RcmdrPlugin.MA-package.Rd:23: Escaped LaTeX specials: \&
Flavors: r-devel-linux-x86_64-debian-clang, r-devel-linux-x86_64-debian-gcc, r-devel-linux-x86_64-fedora-clang, r-devel-linux-x86_64-fedora-gcc, r-devel-windows-x86_64, r-patched-linux-x86_64, r-release-linux-x86_64, r-release-macos-arm64, r-release-macos-x86_64, r-release-windows-x86_64