Last updated on 2023-12-11 18:53:40 CET.
Flavor | Version | Tinstall | Tcheck | Ttotal | Status | Flags |
---|---|---|---|---|---|---|
r-devel-linux-x86_64-debian-clang | 1.3.0 | 12.13 | 237.78 | 249.91 | OK | |
r-devel-linux-x86_64-debian-gcc | 1.3.0 | 10.90 | 174.10 | 185.00 | OK | |
r-devel-linux-x86_64-fedora-clang | 1.3.0 | 327.00 | NOTE | |||
r-devel-linux-x86_64-fedora-gcc | 1.3.0 | 319.36 | NOTE | |||
r-devel-windows-x86_64 | 1.3.0 | 13.00 | 198.00 | 211.00 | OK | |
r-patched-linux-x86_64 | 1.3.0 | 13.88 | 231.53 | 245.41 | OK | |
r-release-linux-x86_64 | 1.3.0 | 13.49 | 229.69 | 243.18 | OK | |
r-release-macos-arm64 | 1.3.0 | 126.00 | OK | |||
r-release-macos-x86_64 | 1.3.0 | 254.00 | OK | |||
r-release-windows-x86_64 | 1.3.0 | 18.00 | 233.00 | 251.00 | OK | |
r-oldrel-macos-arm64 | 1.3.0 | 115.00 | OK | |||
r-oldrel-macos-x86_64 | 1.3.0 | 150.00 | OK | |||
r-oldrel-windows-x86_64 | 1.3.0 | 18.00 | 238.00 | 256.00 | OK |
Version: 1.3.0
Check: data for non-ASCII characters
Result: NOTE
Note: found 345 marked UTF-8 strings
Flavors: r-devel-linux-x86_64-fedora-clang, r-devel-linux-x86_64-fedora-gcc