CRAN Package Check Results for Package RcppAnnoy

Last updated on 2024-02-24 18:55:00 CET.

Flavor Version Tinstall Tcheck Ttotal Status Flags
r-devel-linux-x86_64-debian-clang 0.0.22 56.08 94.76 150.84 OK
r-devel-linux-x86_64-debian-gcc 0.0.22 45.60 69.94 115.54 OK
r-devel-linux-x86_64-fedora-clang 0.0.22 199.74 OK
r-devel-linux-x86_64-fedora-gcc 0.0.22 219.07 OK
r-devel-windows-x86_64 0.0.22 55.00 132.00 187.00 OK
r-patched-linux-x86_64 0.0.22 55.94 94.14 150.08 OK
r-release-linux-x86_64 0.0.22 56.29 94.83 151.12 OK
r-release-macos-arm64 0.0.22 69.00 NOTE
r-release-macos-x86_64 0.0.22 189.00 NOTE
r-release-windows-x86_64 0.0.22 73.00 159.00 232.00 OK
r-oldrel-macos-arm64 0.0.22 60.00 NOTE
r-oldrel-windows-x86_64 0.0.22 67.00 144.00 211.00 OK

Check Details

Version: 0.0.22
Check: installed package size
Result: NOTE installed size is 6.5Mb sub-directories of 1Mb or more: libs 6.2Mb Flavors: r-release-macos-arm64, r-release-macos-x86_64, r-oldrel-macos-arm64