Last updated on 2025-01-17 22:50:28 CET.
Flavor | Version | Tinstall | Tcheck | Ttotal | Status | Flags |
---|---|---|---|---|---|---|
r-devel-linux-x86_64-debian-clang | 6.0.1 | 9.82 | 28.04 | 37.86 | OK | |
r-devel-linux-x86_64-debian-gcc | 6.0.1 | 7.55 | 22.18 | 29.73 | OK | |
r-devel-linux-x86_64-fedora-clang | 6.0.1 | 72.15 | NOTE | |||
r-devel-linux-x86_64-fedora-gcc | 6.0.1 | 85.60 | NOTE | |||
r-devel-windows-x86_64 | 6.0.1 | 60.00 | 50.00 | 110.00 | OK | |
r-patched-linux-x86_64 | 6.0.1 | 8.62 | 26.70 | 35.32 | OK | |
r-release-linux-x86_64 | 6.0.1 | 8.70 | 26.72 | 35.42 | OK | |
r-release-macos-arm64 | 6.0.1 | 45.00 | NOTE | |||
r-release-macos-x86_64 | 6.0.1 | 138.00 | NOTE | |||
r-release-windows-x86_64 | 6.0.1 | 50.00 | 50.00 | 100.00 | NOTE | |
r-oldrel-macos-arm64 | 6.0.1 | 46.00 | NOTE | |||
r-oldrel-macos-x86_64 | 6.0.1 | 70.00 | NOTE | |||
r-oldrel-windows-x86_64 | 6.0.1 | 48.00 | 53.00 | 101.00 | NOTE |
Version: 6.0.1
Check: dependencies in R code
Result: NOTE
Namespaces in Imports field not imported from:
‘knitr’ ‘rmarkdown’
All declared Imports should be used.
Flavors: r-devel-linux-x86_64-fedora-clang, r-devel-linux-x86_64-fedora-gcc
Version: 6.0.1
Check: installed package size
Result: NOTE
installed size is 46.6Mb
sub-directories of 1Mb or more:
include 46.5Mb
Flavors: r-release-macos-arm64, r-release-macos-x86_64, r-release-windows-x86_64, r-oldrel-macos-arm64, r-oldrel-macos-x86_64, r-oldrel-windows-x86_64