Last updated on 2023-09-30 19:55:57 CEST.
Flavor | Version | Tinstall | Tcheck | Ttotal | Status | Flags |
---|---|---|---|---|---|---|
r-devel-linux-x86_64-debian-clang | 5.1.7 | 56.27 | 82.30 | 138.57 | NOTE | |
r-devel-linux-x86_64-debian-gcc | 5.1.7 | 32.63 | 54.63 | 87.26 | NOTE | |
r-devel-linux-x86_64-fedora-clang | 5.1.7 | 217.63 | NOTE | |||
r-devel-linux-x86_64-fedora-gcc | 5.1.7 | 195.08 | NOTE | |||
r-devel-windows-x86_64 | 5.1.7 | 130.00 | 98.00 | 228.00 | NOTE | |
r-patched-linux-x86_64 | 5.1.7 | 51.04 | 84.30 | 135.34 | NOTE | |
r-release-linux-x86_64 | 5.1.7 | 55.87 | 82.56 | 138.43 | NOTE | |
r-release-macos-arm64 | 5.1.7 | 56.00 | NOTE | |||
r-release-macos-x86_64 | 5.1.7 | 62.00 | NOTE | |||
r-release-windows-x86_64 | 5.1.7 | 150.00 | 112.00 | 262.00 | NOTE | |
r-oldrel-macos-arm64 | 5.1.7 | 55.00 | NOTE | |||
r-oldrel-macos-x86_64 | 5.1.7 | 112.00 | NOTE | |||
r-oldrel-windows-x86_64 | 5.1.7 | 144.00 | 107.00 | 251.00 | NOTE |
Version: 5.1.7
Check: for GNU extensions in Makefiles
Result: NOTE
GNU make is a SystemRequirements.
Flavors: r-devel-linux-x86_64-debian-clang, r-devel-linux-x86_64-debian-gcc, r-devel-linux-x86_64-fedora-clang, r-devel-linux-x86_64-fedora-gcc, r-devel-windows-x86_64, r-patched-linux-x86_64, r-release-linux-x86_64, r-release-macos-arm64, r-release-macos-x86_64, r-release-windows-x86_64, r-oldrel-macos-arm64, r-oldrel-macos-x86_64, r-oldrel-windows-x86_64