CRAN Package Check Results for Package Rdistance

Last updated on 2024-02-21 18:51:14 CET.

Flavor Version Tinstall Tcheck Ttotal Status Flags
r-devel-linux-x86_64-debian-clang 3.0.0 NOTE
r-devel-linux-x86_64-debian-gcc 3.0.0 6.02 98.96 104.98 NOTE
r-devel-linux-x86_64-fedora-clang 3.0.0 OK
r-devel-linux-x86_64-fedora-gcc 3.0.0 175.62 OK
r-devel-windows-x86_64 3.0.0 7.00 164.00 171.00 OK
r-patched-linux-x86_64 3.0.0 7.05 125.31 132.36 OK
r-release-linux-x86_64 3.0.0 5.38 126.47 131.85 OK
r-release-macos-arm64 3.0.0 63.00 OK
r-release-macos-x86_64 3.0.0 167.00 OK
r-release-windows-x86_64 3.0.0 9.00 179.00 188.00 OK
r-oldrel-macos-arm64 3.0.0 54.00 OK
r-oldrel-windows-x86_64 3.0.0 9.00 178.00 187.00 OK

Check Details

Version: 3.0.0
Check: Rd files
Result: NOTE checkRd: (-1) halfnorm.like.Rd:105: Lost braces; missing escapes or markup? 105 | {f(x|a,b,c_1,c_2,...,c_k) = f(x|a,b)(1 + c(1) h_i1(x) + c(2) h_i2(x) + ... + c(k) h_ik(x)). } | ^ checkRd: (-1) secondDeriv.Rd:15: Lost braces 15 | This must be a function of the form FUN <- function(x, ...){...} | ^ Flavors: r-devel-linux-x86_64-debian-clang, r-devel-linux-x86_64-debian-gcc