Last updated on 2023-12-08 18:55:47 CET.
Flavor | Version | Tinstall | Tcheck | Ttotal | Status | Flags |
---|---|---|---|---|---|---|
r-devel-linux-x86_64-debian-clang | 0.7.2 | 17.67 | 142.17 | 159.84 | OK | |
r-devel-linux-x86_64-debian-gcc | 0.7.2 | 13.20 | 104.47 | 117.67 | OK | |
r-devel-linux-x86_64-fedora-clang | 0.7.2 | 195.04 | OK | |||
r-devel-linux-x86_64-fedora-gcc | 0.7.2 | 199.44 | OK | |||
r-devel-windows-x86_64 | 0.7.2 | 18.00 | 118.00 | 136.00 | OK | |
r-patched-linux-x86_64 | 0.7.2 | 22.66 | 137.07 | 159.73 | OK | |
r-release-linux-x86_64 | 0.7.2 | 13.06 | 134.50 | 147.56 | OK | |
r-release-macos-arm64 | 0.7.2 | 55.00 | OK | |||
r-release-macos-x86_64 | 0.7.2 | 135.00 | ERROR | |||
r-release-windows-x86_64 | 0.7.2 | 24.00 | 146.00 | 170.00 | OK | |
r-oldrel-macos-arm64 | 0.7.2 | 58.00 | OK | |||
r-oldrel-macos-x86_64 | 0.7.2 | 81.00 | OK | |||
r-oldrel-windows-x86_64 | 0.7.2 | 23.00 | 141.00 | 164.00 | OK |
Version: 0.7.2
Check: re-building of vignette outputs
Result: ERROR
Error(s) in re-building vignettes:
...
--- re-building ‘ReDaMoR.Rmd’ using rmarkdown
Pandoc is required to build R Markdown vignettes but not available. Please make sure it is installed.
Quitting from lines 159-163 [unnamed-chunk-5] (ReDaMoR.Rmd)
Error: processing vignette 'ReDaMoR.Rmd' failed with diagnostics:
Failed to start chrome. Error:
--- failed re-building ‘ReDaMoR.Rmd’
SUMMARY: processing the following file failed:
‘ReDaMoR.Rmd’
Error: Vignette re-building failed.
Execution halted
Flavor: r-release-macos-x86_64