CRAN Package Check Results for Package RestoreNet

Last updated on 2023-11-29 18:48:59 CET.

Flavor Version Tinstall Tcheck Ttotal Status Flags
r-devel-linux-x86_64-debian-clang 1.0 13.48 123.71 137.19 NOTE
r-devel-linux-x86_64-debian-gcc 1.0 9.45 91.40 100.85 NOTE
r-devel-linux-x86_64-fedora-clang 1.0 166.77 NOTE
r-devel-linux-x86_64-fedora-gcc 1.0 171.79 NOTE
r-devel-windows-x86_64 1.0 11.00 131.00 142.00 NOTE
r-patched-linux-x86_64 1.0 11.89 116.13 128.02 OK
r-release-linux-x86_64 1.0 8.05 114.79 122.84 OK
r-release-macos-arm64 1.0 61.00 OK
r-release-macos-x86_64 1.0 98.00 OK
r-release-windows-x86_64 1.0 14.00 146.00 160.00 OK
r-oldrel-macos-arm64 1.0 53.00 OK
r-oldrel-macos-x86_64 1.0 71.00 OK
r-oldrel-windows-x86_64 1.0 16.00 143.00 159.00 OK

Check Details

Version: 1.0
Check: Rd files
Result: NOTE checkRd: (-1) fit.null.Rd:54: Lost braces in \itemize; \value handles \item{}{} directly checkRd: (-1) fit.null.Rd:55: Lost braces in \itemize; \value handles \item{}{} directly checkRd: (-1) fit.null.Rd:56: Lost braces in \itemize; \value handles \item{}{} directly checkRd: (-1) fit.null.Rd:57: Lost braces in \itemize; \value handles \item{}{} directly checkRd: (-1) fit.null.Rd:58: Lost braces in \itemize; \value handles \item{}{} directly checkRd: (-1) fit.null.Rd:59: Lost braces in \itemize; \value handles \item{}{} directly checkRd: (-1) fit.null.Rd:60-61: Lost braces in \itemize; \value handles \item{}{} directly checkRd: (-1) fit.null.Rd:65: Lost braces in \itemize; \value handles \item{}{} directly checkRd: (-1) fit.null.Rd:66: Lost braces in \itemize; \value handles \item{}{} directly checkRd: (-1) fit.re.Rd:66: Lost braces in \itemize; \value handles \item{}{} directly checkRd: (-1) fit.re.Rd:67: Lost braces in \itemize; \value handles \item{}{} directly checkRd: (-1) fit.re.Rd:68: Lost braces in \itemize; \value handles \item{}{} directly checkRd: (-1) fit.re.Rd:69: Lost braces in \itemize; \value handles \item{}{} directly checkRd: (-1) fit.re.Rd:70: Lost braces in \itemize; \value handles \item{}{} directly checkRd: (-1) fit.re.Rd:71: Lost braces in \itemize; \value handles \item{}{} directly checkRd: (-1) fit.re.Rd:72-73: Lost braces in \itemize; \value handles \item{}{} directly checkRd: (-1) fit.re.Rd:74: Lost braces in \itemize; \value handles \item{}{} directly checkRd: (-1) fit.re.Rd:75: Lost braces in \itemize; \value handles \item{}{} directly checkRd: (-1) fit.re.Rd:76: Lost braces in \itemize; \value handles \item{}{} directly checkRd: (-1) fit.re.Rd:77: Lost braces in \itemize; \value handles \item{}{} directly checkRd: (-1) fit.re.Rd:81: Lost braces in \itemize; \value handles \item{}{} directly checkRd: (-1) fit.re.Rd:82: Lost braces in \itemize; \value handles \item{}{} directly checkRd: (-1) fit.re.Rd:83: Lost braces in \itemize; \value handles \item{}{} directly checkRd: (-1) nullModelFitting.Rd:65: Lost braces in \itemize; \value handles \item{}{} directly checkRd: (-1) nullModelFitting.Rd:66: Lost braces in \itemize; \value handles \item{}{} directly checkRd: (-1) nullModelFitting.Rd:67: Lost braces in \itemize; \value handles \item{}{} directly checkRd: (-1) nullModelFitting.Rd:68: Lost braces in \itemize; \value handles \item{}{} directly checkRd: (-1) nullModelFitting.Rd:69: Lost braces in \itemize; \value handles \item{}{} directly checkRd: (-1) nullModelFitting.Rd:70: Lost braces in \itemize; \value handles \item{}{} directly checkRd: (-1) nullModelFitting.Rd:71-72: Lost braces in \itemize; \value handles \item{}{} directly checkRd: (-1) nullModelFitting.Rd:76: Lost braces in \itemize; \value handles \item{}{} directly checkRd: (-1) nullModelFitting.Rd:77: Lost braces in \itemize; \value handles \item{}{} directly checkRd: (-1) rndEffModelStats.Rd:41: Lost braces in \itemize; \value handles \item{}{} directly checkRd: (-1) rndEffModelStats.Rd:42: Lost braces in \itemize; \value handles \item{}{} directly checkRd: (-1) rndEffModelStats.Rd:43: Lost braces in \itemize; \value handles \item{}{} directly checkRd: (-1) rndEffModelStats.Rd:44: Lost braces in \itemize; \value handles \item{}{} directly checkRd: (-1) rndEffModelStats.Rd:45: Lost braces in \itemize; \value handles \item{}{} directly checkRd: (-1) rndEffModelStats.Rd:46: Lost braces in \itemize; \value handles \item{}{} directly checkRd: (-1) rndEffModelStats.Rd:47-48: Lost braces in \itemize; \value handles \item{}{} directly checkRd: (-1) rndEffModelStats.Rd:49: Lost braces in \itemize; \value handles \item{}{} directly checkRd: (-1) rndEffModelStats.Rd:50: Lost braces in \itemize; \value handles \item{}{} directly checkRd: (-1) rndEffModelStats.Rd:51: Lost braces in \itemize; \value handles \item{}{} directly checkRd: (-1) rndEffModelStats.Rd:52: Lost braces in \itemize; \value handles \item{}{} directly Flavors: r-devel-linux-x86_64-debian-clang, r-devel-linux-x86_64-debian-gcc

Version: 1.0
Check: Rd \usage sections
Result: NOTE Documented arguments not in \usage in Rd file 'get.V.Rd': ‘ct.lst’ Functions with \usage entries need to have the appropriate \alias entries, and all their arguments documented. The \usage entries must correspond to syntactically valid R code. See chapter ‘Writing R documentation files’ in the ‘Writing R Extensions’ manual. Flavors: r-devel-linux-x86_64-debian-clang, r-devel-linux-x86_64-debian-gcc, r-devel-linux-x86_64-fedora-clang, r-devel-linux-x86_64-fedora-gcc, r-devel-windows-x86_64