CRAN Package Check Results for Package ReviewR

Last updated on 2023-11-29 18:48:59 CET.

Flavor Version Tinstall Tcheck Ttotal Status Flags
r-devel-linux-x86_64-debian-clang 2.3.10 21.51 135.71 157.22 OK
r-devel-linux-x86_64-debian-gcc 2.3.10 16.30 99.33 115.63 OK
r-devel-linux-x86_64-fedora-clang 2.3.10 192.87 NOTE
r-devel-linux-x86_64-fedora-gcc 2.3.10 203.31 NOTE
r-devel-windows-x86_64 2.3.10 17.00 119.00 136.00 OK
r-patched-linux-x86_64 2.3.10 20.34 128.06 148.40 OK
r-release-linux-x86_64 2.3.10 12.40 127.01 139.41 OK
r-release-macos-arm64 2.3.10 71.00 OK
r-release-macos-x86_64 2.3.10 161.00 OK
r-release-windows-x86_64 2.3.10 25.00 139.00 164.00 OK
r-oldrel-macos-arm64 2.3.10 67.00 OK
r-oldrel-macos-x86_64 2.3.10 90.00 OK
r-oldrel-windows-x86_64 2.3.10 25.00 152.00 177.00 OK

Check Details

Version: 2.3.10
Check: package dependencies
Result: NOTE Imports includes 28 non-default packages. Importing from so many packages makes the package vulnerable to any of them becoming unavailable. Move as many as possible to Suggests and use conditionally. Flavor: r-devel-linux-x86_64-fedora-clang

Version: 2.3.10
Check: data for non-ASCII characters
Result: NOTE Note: found 26 marked UTF-8 strings Flavors: r-devel-linux-x86_64-fedora-clang, r-devel-linux-x86_64-fedora-gcc