Last updated on 2023-12-10 18:52:22 CET.
Flavor | Version | Tinstall | Tcheck | Ttotal | Status | Flags |
---|---|---|---|---|---|---|
r-devel-linux-x86_64-debian-clang | 1.0.0 | 5.19 | 37.02 | 42.21 | NOTE | |
r-devel-linux-x86_64-debian-gcc | 1.0.0 | 3.17 | 28.64 | 31.81 | NOTE | |
r-devel-linux-x86_64-fedora-clang | 1.0.0 | 55.88 | OK | |||
r-devel-linux-x86_64-fedora-gcc | 1.0.0 | 51.21 | OK | |||
r-devel-windows-x86_64 | 1.0.0 | 5.00 | 51.00 | 56.00 | OK | |
r-patched-linux-x86_64 | 1.0.0 | 4.81 | 37.38 | 42.19 | OK | |
r-release-linux-x86_64 | 1.0.0 | 4.03 | 36.48 | 40.51 | OK | |
r-release-macos-arm64 | 1.0.0 | 20.00 | NOTE | |||
r-release-macos-x86_64 | 1.0.0 | 29.00 | OK | |||
r-release-windows-x86_64 | 1.0.0 | 6.00 | 56.00 | 62.00 | OK | |
r-oldrel-macos-arm64 | 1.0.0 | 16.00 | NOTE | |||
r-oldrel-macos-x86_64 | 1.0.0 | 35.00 | NOTE | |||
r-oldrel-windows-x86_64 | 1.0.0 | 7.00 | 56.00 | 63.00 | OK |
Version: 1.0.0
Check: Rd files
Result: NOTE
checkRd: (-1) saveRev.Rd:12: Lost braces; missing escapes or markup?
12 | \item{use_wd}{logical - If TRUE, the history will be prepended by setwd({'users current working directory'}). This function will set the script's working directory to
| ^
Flavors: r-devel-linux-x86_64-debian-clang, r-devel-linux-x86_64-debian-gcc
Version: 1.0.0
Check: package dependencies
Result: NOTE
Package suggested but not available for checking: ‘RevGadgets’
Flavors: r-release-macos-arm64, r-oldrel-macos-arm64, r-oldrel-macos-x86_64