CRAN Package Check Results for Package Rglpk

Last updated on 2024-02-20 18:49:33 CET.

Flavor Version Tinstall Tcheck Ttotal Status Flags
r-devel-linux-x86_64-debian-clang 0.6-5.1 OK
r-devel-linux-x86_64-debian-gcc 0.6-5.1 3.68 20.59 24.27 OK
r-devel-linux-x86_64-fedora-clang 0.6-5.1 40.59 NOTE
r-devel-linux-x86_64-fedora-gcc 0.6-5.1 38.75 OK
r-devel-windows-x86_64 0.6-5.1 16.00 48.00 64.00 OK
r-patched-linux-x86_64 0.6-5.1 4.17 26.52 30.69 OK
r-release-linux-x86_64 0.6-5.1 3.95 26.61 30.56 OK
r-release-macos-arm64 0.6-5.1 25.00 OK
r-release-macos-x86_64 0.6-5.1 78.00 OK
r-release-windows-x86_64 0.6-5.1 19.00 52.00 71.00 OK
r-oldrel-macos-arm64 0.6-5.1 26.00 OK
r-oldrel-windows-x86_64 0.6-5.1 8.00 68.00 76.00 OK

Check Details

Version: 0.6-5.1
Check: Rd cross-references
Result: NOTE Undeclared packages ‘lpSolve’, ‘ROI’, ‘Rsymphony’ in Rd xrefs Flavor: r-devel-linux-x86_64-fedora-clang