CRAN Package Check Results for Package RoundAndRound

Last updated on 2023-11-30 18:49:43 CET.

Flavor Version Tinstall Tcheck Ttotal Status Flags
r-devel-linux-x86_64-debian-clang 0.0.1 2.81 24.49 27.30 OK
r-devel-linux-x86_64-debian-gcc 0.0.1 2.19 19.48 21.67 OK
r-devel-linux-x86_64-fedora-clang 0.0.1 34.00 NOTE
r-devel-linux-x86_64-fedora-gcc 0.0.1 32.40 NOTE
r-devel-windows-x86_64 0.0.1 3.00 44.00 47.00 OK
r-patched-linux-x86_64 0.0.1 1.77 24.05 25.82 OK
r-release-linux-x86_64 0.0.1 1.59 23.92 25.51 OK
r-release-macos-arm64 0.0.1 17.00 OK
r-release-macos-x86_64 0.0.1 21.00 OK
r-release-windows-x86_64 0.0.1 4.00 44.00 48.00 OK
r-oldrel-macos-arm64 0.0.1 16.00 NOTE
r-oldrel-macos-x86_64 0.0.1 24.00 NOTE
r-oldrel-windows-x86_64 0.0.1 5.00 45.00 50.00 OK

Check Details

Version: 0.0.1
Check: dependencies in R code
Result: NOTE Namespace in Imports field not imported from: ‘geometry’ All declared Imports should be used. Flavors: r-devel-linux-x86_64-fedora-clang, r-devel-linux-x86_64-fedora-gcc, r-oldrel-macos-arm64, r-oldrel-macos-x86_64