Last updated on 2023-12-07 18:49:41 CET.
Flavor | Version | Tinstall | Tcheck | Ttotal | Status | Flags |
---|---|---|---|---|---|---|
r-devel-linux-x86_64-debian-clang | 2023.1 | 12.30 | 81.10 | 93.40 | NOTE | |
r-devel-linux-x86_64-debian-gcc | 2023.1 | 10.05 | 60.55 | 70.60 | NOTE | |
r-devel-linux-x86_64-fedora-clang | 2023.1 | 116.23 | OK | |||
r-devel-linux-x86_64-fedora-gcc | 2023.1 | 109.38 | OK | |||
r-devel-windows-x86_64 | 2023.1 | 12.00 | 75.00 | 87.00 | OK | |
r-patched-linux-x86_64 | 2023.1 | 11.37 | 77.62 | 88.99 | OK | |
r-release-linux-x86_64 | 2023.1 | 10.13 | 76.94 | 87.07 | OK | |
r-release-macos-arm64 | 2023.1 | 32.00 | OK | |||
r-release-macos-x86_64 | 2023.1 | 83.00 | OK | |||
r-release-windows-x86_64 | 2023.1 | 15.00 | 86.00 | 101.00 | OK | |
r-oldrel-macos-arm64 | 2023.1 | 32.00 | OK | |||
r-oldrel-macos-x86_64 | 2023.1 | 44.00 | OK | |||
r-oldrel-windows-x86_64 | 2023.1 | 15.00 | 90.00 | 105.00 | OK |
Version: 2023.1
Check: Rd files
Result: NOTE
checkRd: (-1) simpopmlx.Rd:24: Lost braces; missing escapes or markup?
24 | \item{fim}{the (\emph{string}) Fisher Information Matrix estimated by Monolix. fim={"sa", "lin"} (default="sa")}
| ^
checkRd: (-1) writeData.Rd:18: Lost braces; missing escapes or markup?
18 | It must be one of {"\\t", " ", ";", ","}}
| ^
checkRd: (-1) writeData.Rd:21: Lost braces; missing escapes or markup?
21 | It must be one of {"csv", "txt"}
| ^
Flavors: r-devel-linux-x86_64-debian-clang, r-devel-linux-x86_64-debian-gcc